{"id":2387,"date":"2022-11-09T09:29:34","date_gmt":"2022-11-09T09:29:34","guid":{"rendered":"https:\/\/paginas.fe.up.pt\/~nmestres\/2023\/?page_id=2387"},"modified":"2025-11-18T16:03:29","modified_gmt":"2025-11-18T16:03:29","slug":"premios-de-merito","status":"publish","type":"page","link":"https:\/\/fe.up.pt\/nmestres\/2025\/premios-de-merito\/","title":{"rendered":"Pr\u00e9mios de m\u00e9rito"},"content":{"rendered":"<div class=\"fusion-fullwidth fullwidth-box fusion-builder-row-1 fusion-flex-container nonhundred-percent-fullwidth non-hundred-percent-height-scrolling\" style=\"--awb-border-radius-top-left:0px;--awb-border-radius-top-right:0px;--awb-border-radius-bottom-right:0px;--awb-border-radius-bottom-left:0px;--awb-flex-wrap:wrap;\" ><div class=\"fusion-builder-row fusion-row fusion-flex-align-items-flex-start fusion-flex-justify-content-center fusion-flex-content-wrap\" style=\"max-width:1206.4px;margin-left: calc(-4% \/ 2 );margin-right: calc(-4% \/ 2 );\"><div class=\"fusion-layout-column fusion_builder_column fusion-builder-column-0 fusion_builder_column_1_1 1_1 fusion-flex-column\" style=\"--awb-bg-size:cover;--awb-width-large:100%;--awb-margin-top-large:0px;--awb-spacing-right-large:1.92%;--awb-margin-bottom-large:20px;--awb-spacing-left-large:1.92%;--awb-width-medium:100%;--awb-order-medium:0;--awb-spacing-right-medium:1.92%;--awb-spacing-left-medium:1.92%;--awb-width-small:100%;--awb-order-small:0;--awb-spacing-right-small:1.92%;--awb-spacing-left-small:1.92%;\"><div class=\"fusion-column-wrapper fusion-column-has-shadow fusion-flex-justify-content-flex-start fusion-content-layout-column\"><div class=\"accordian fusion-accordian\" style=\"--awb-border-size:1px;--awb-icon-size:16px;--awb-content-font-size:15px;--awb-icon-alignment:left;--awb-hover-color:#f9f9fb;--awb-border-color:#e2e2e2;--awb-background-color:#ffffff;--awb-divider-color:#e0dede;--awb-divider-hover-color:#e0dede;--awb-icon-color:#ffffff;--awb-title-color:#a92f1a;--awb-content-color:#747474;--awb-icon-box-color:#333333;--awb-toggle-hover-accent-color:#8c2d19;--awb-title-font-family:&quot;PT Sans&quot;;--awb-title-font-weight:regular;--awb-title-font-style:normal;--awb-title-font-size:15px;--awb-content-font-family:&quot;miryad&quot;;--awb-content-font-style:normal;--awb-content-font-weight:400;\"><div class=\"panel-group fusion-toggle-icon-boxed\" id=\"accordion-2387-1\"><div class=\"fusion-panel panel-default panel-7dc0e1908107e94d6 fusion-toggle-has-divider\" style=\"--awb-title-color:#a92f1a;--awb-content-color:#747474;\"><div class=\"panel-heading\"><h4 class=\"panel-title toggle\" id=\"toggle_7dc0e1908107e94d6\"><a aria-expanded=\"false\" aria-controls=\"7dc0e1908107e94d6\" role=\"button\" data-toggle=\"collapse\" data-parent=\"#accordion-2387-1\" data-target=\"#7dc0e1908107e94d6\" href=\"#7dc0e1908107e94d6\"><span class=\"fusion-toggle-icon-wrapper\" aria-hidden=\"true\"><i class=\"fa-fusion-box active-icon awb-icon-minus\" aria-hidden=\"true\"><\/i><i class=\"fa-fusion-box inactive-icon awb-icon-plus\" aria-hidden=\"true\"><\/i><\/span><span class=\"fusion-toggle-heading\">Pr\u00e9mio Accelleron<\/span><\/a><\/h4><\/div><div id=\"7dc0e1908107e94d6\" class=\"panel-collapse collapse \" aria-labelledby=\"toggle_7dc0e1908107e94d6\"><div class=\"panel-body toggle-content fusion-clearfix\">\n<p><span data-sheets-root=\"1\">Jo\u00e3o Filipe Moura Lopes | Licenciatura em Engenharia Mec\u00e2nica<\/span><\/p>\n<\/div><\/div><\/div><div class=\"fusion-panel panel-default panel-7cea6508638612a8c fusion-toggle-has-divider\" style=\"--awb-title-color:#a92f1a;--awb-content-color:#747474;\"><div class=\"panel-heading\"><h4 class=\"panel-title toggle\" id=\"toggle_7cea6508638612a8c\"><a aria-expanded=\"false\" aria-controls=\"7cea6508638612a8c\" role=\"button\" data-toggle=\"collapse\" data-parent=\"#accordion-2387-1\" data-target=\"#7cea6508638612a8c\" href=\"#7cea6508638612a8c\"><span class=\"fusion-toggle-icon-wrapper\" aria-hidden=\"true\"><i class=\"fa-fusion-box active-icon awb-icon-minus\" aria-hidden=\"true\"><\/i><i class=\"fa-fusion-box inactive-icon awb-icon-plus\" aria-hidden=\"true\"><\/i><\/span><span class=\"fusion-toggle-heading\">Pr\u00e9mio AlticeLabs | Melhor Aluno de Mestrado TICE da FEUP<\/span><\/a><\/h4><\/div><div id=\"7cea6508638612a8c\" class=\"panel-collapse collapse \" aria-labelledby=\"toggle_7cea6508638612a8c\"><div class=\"panel-body toggle-content fusion-clearfix\">\n<p><span data-sheets-root=\"1\">Pedro Manuel da Silva Gomes | Mestrado em Engenharia Inform\u00e1tica e Computa\u00e7\u00e3o<\/span><\/p>\n<\/div><\/div><\/div><div class=\"fusion-panel panel-default panel-ad6dce829fa01f244 fusion-toggle-has-divider\" style=\"--awb-title-color:#a92f1a;--awb-content-color:#747474;\"><div class=\"panel-heading\"><h4 class=\"panel-title toggle\" id=\"toggle_ad6dce829fa01f244\"><a aria-expanded=\"false\" aria-controls=\"ad6dce829fa01f244\" role=\"button\" data-toggle=\"collapse\" data-parent=\"#accordion-2387-1\" data-target=\"#ad6dce829fa01f244\" href=\"#ad6dce829fa01f244\"><span class=\"fusion-toggle-icon-wrapper\" aria-hidden=\"true\"><i class=\"fa-fusion-box active-icon awb-icon-minus\" aria-hidden=\"true\"><\/i><i class=\"fa-fusion-box inactive-icon awb-icon-plus\" aria-hidden=\"true\"><\/i><\/span><span class=\"fusion-toggle-heading\">Pr\u00e9mio Ant\u00f3nio Serrenho<\/span><\/a><\/h4><\/div><div id=\"ad6dce829fa01f244\" class=\"panel-collapse collapse \" aria-labelledby=\"toggle_ad6dce829fa01f244\"><div class=\"panel-body toggle-content fusion-clearfix\">\n<p data-pm-slice=\"1 1 &#091;&#093;\">Maria Carolina Morais Cardoso Rodrigues Rosa | Mestrado em Engenharia Qu\u00edmica<\/p>\n<\/div><\/div><\/div><div class=\"fusion-panel panel-default panel-acc2b335bbda8cf2a fusion-toggle-has-divider\" style=\"--awb-title-color:#a92f1a;--awb-content-color:#747474;\"><div class=\"panel-heading\"><h4 class=\"panel-title toggle\" id=\"toggle_acc2b335bbda8cf2a\"><a aria-expanded=\"false\" aria-controls=\"acc2b335bbda8cf2a\" role=\"button\" data-toggle=\"collapse\" data-parent=\"#accordion-2387-1\" data-target=\"#acc2b335bbda8cf2a\" href=\"#acc2b335bbda8cf2a\"><span class=\"fusion-toggle-icon-wrapper\" aria-hidden=\"true\"><i class=\"fa-fusion-box active-icon awb-icon-minus\" aria-hidden=\"true\"><\/i><i class=\"fa-fusion-box inactive-icon awb-icon-plus\" aria-hidden=\"true\"><\/i><\/span><span class=\"fusion-toggle-heading\">Pr\u00e9mio Bondalti \/ Funda\u00e7\u00e3o Am\u00e9lia de Mello<\/span><\/a><\/h4><\/div><div id=\"acc2b335bbda8cf2a\" class=\"panel-collapse collapse \" aria-labelledby=\"toggle_acc2b335bbda8cf2a\"><div class=\"panel-body toggle-content fusion-clearfix\">\n<p>Sofia Alexandra de Oliveira Pinto | Licenciatura em Engenharia do Ambiente<\/p>\n<p>Martim Jos\u00e9 Batista Lousado | Licenciatura em Engenharia e Gest\u00e3o Industrial<\/p>\n<p>F\u00e9lix Marcial Alves Martins | Licenciatura em Engenharia Inform\u00e1tica e Computa\u00e7\u00e3o<\/p>\n<p>Guilherme Pereira Duarte | Licenciatura em Engenharia Mec\u00e2nica<\/p>\n<p>Nuno Neto Lopes | Licenciatura em Engenharia de Materiais<\/p>\n<p>Juliana Vendas da Costa | Licenciatura de Minas e Geo-Ambiente<\/p>\n<p>Madalena Wu | Licenciatura em Engenharia Qu\u00edmica<\/p>\n<\/div><\/div><\/div><div class=\"fusion-panel panel-default panel-d042d3a24ff94b5b8 fusion-toggle-has-divider\" style=\"--awb-title-color:#a92f1a;--awb-content-color:#747474;\"><div class=\"panel-heading\"><h4 class=\"panel-title toggle\" id=\"toggle_d042d3a24ff94b5b8\"><a aria-expanded=\"false\" aria-controls=\"d042d3a24ff94b5b8\" role=\"button\" data-toggle=\"collapse\" data-parent=\"#accordion-2387-1\" data-target=\"#d042d3a24ff94b5b8\" href=\"#d042d3a24ff94b5b8\"><span class=\"fusion-toggle-icon-wrapper\" aria-hidden=\"true\"><i class=\"fa-fusion-box active-icon awb-icon-minus\" aria-hidden=\"true\"><\/i><i class=\"fa-fusion-box inactive-icon awb-icon-plus\" aria-hidden=\"true\"><\/i><\/span><span class=\"fusion-toggle-heading\">Pr\u00e9mio COLEP Consumer Products<\/span><\/a><\/h4><\/div><div id=\"d042d3a24ff94b5b8\" class=\"panel-collapse collapse \" aria-labelledby=\"toggle_d042d3a24ff94b5b8\"><div class=\"panel-body toggle-content fusion-clearfix\">\n<p><span data-sheets-root=\"1\">Pedro Ant\u00f3nio Correia Matos Ferreira Pinto | Mestrado em Engenharia Mec\u00e2nica<\/span><\/p>\n<\/div><\/div><\/div><div class=\"fusion-panel panel-default panel-b48e4e9b714f4f2f5 fusion-toggle-has-divider\" style=\"--awb-title-color:#a92f1a;--awb-content-color:#747474;\"><div class=\"panel-heading\"><h4 class=\"panel-title toggle\" id=\"toggle_b48e4e9b714f4f2f5\"><a aria-expanded=\"false\" aria-controls=\"b48e4e9b714f4f2f5\" role=\"button\" data-toggle=\"collapse\" data-parent=\"#accordion-2387-1\" data-target=\"#b48e4e9b714f4f2f5\" href=\"#b48e4e9b714f4f2f5\"><span class=\"fusion-toggle-icon-wrapper\" aria-hidden=\"true\"><i class=\"fa-fusion-box active-icon awb-icon-minus\" aria-hidden=\"true\"><\/i><i class=\"fa-fusion-box inactive-icon awb-icon-plus\" aria-hidden=\"true\"><\/i><\/span><span class=\"fusion-toggle-heading\">Pr\u00e9mio Comendador Eduardo Rangel<\/span><\/a><\/h4><\/div><div id=\"b48e4e9b714f4f2f5\" class=\"panel-collapse collapse \" aria-labelledby=\"toggle_b48e4e9b714f4f2f5\"><div class=\"panel-body toggle-content fusion-clearfix\">\n<p><span data-sheets-root=\"1\">Alberto Fontenla Recam\u00e1n | Mestrado em Engenharia de Servi\u00e7os e Gest\u00e3o<\/span><\/p>\n<\/div><\/div><\/div><div class=\"fusion-panel panel-default panel-6daf90207e172c0fc fusion-toggle-has-divider\" style=\"--awb-title-color:#a92f1a;--awb-content-color:#747474;\"><div class=\"panel-heading\"><h4 class=\"panel-title toggle\" id=\"toggle_6daf90207e172c0fc\"><a aria-expanded=\"false\" aria-controls=\"6daf90207e172c0fc\" role=\"button\" data-toggle=\"collapse\" data-parent=\"#accordion-2387-1\" data-target=\"#6daf90207e172c0fc\" href=\"#6daf90207e172c0fc\"><span class=\"fusion-toggle-icon-wrapper\" aria-hidden=\"true\"><i class=\"fa-fusion-box active-icon awb-icon-minus\" aria-hidden=\"true\"><\/i><i class=\"fa-fusion-box inactive-icon awb-icon-plus\" aria-hidden=\"true\"><\/i><\/span><span class=\"fusion-toggle-heading\">Pr\u00e9mio CMW Foundries<\/span><\/a><\/h4><\/div><div id=\"6daf90207e172c0fc\" class=\"panel-collapse collapse \" aria-labelledby=\"toggle_6daf90207e172c0fc\"><div class=\"panel-body toggle-content fusion-clearfix\">\n<p><span data-sheets-root=\"1\">Francisca da Costa Pereira | Mestrado em Engenharia de Materiais<\/span><\/p>\n<\/div><\/div><\/div><div class=\"fusion-panel panel-default panel-e766ccc356707defb fusion-toggle-has-divider\" style=\"--awb-title-color:#a92f1a;--awb-content-color:#747474;\"><div class=\"panel-heading\"><h4 class=\"panel-title toggle\" id=\"toggle_e766ccc356707defb\"><a aria-expanded=\"false\" aria-controls=\"e766ccc356707defb\" role=\"button\" data-toggle=\"collapse\" data-parent=\"#accordion-2387-1\" data-target=\"#e766ccc356707defb\" href=\"#e766ccc356707defb\"><span class=\"fusion-toggle-icon-wrapper\" aria-hidden=\"true\"><i class=\"fa-fusion-box active-icon awb-icon-minus\" aria-hidden=\"true\"><\/i><i class=\"fa-fusion-box inactive-icon awb-icon-plus\" aria-hidden=\"true\"><\/i><\/span><span class=\"fusion-toggle-heading\">Pr\u00e9mio Eng. Cristiano Spratley<\/span><\/a><\/h4><\/div><div id=\"e766ccc356707defb\" class=\"panel-collapse collapse \" aria-labelledby=\"toggle_e766ccc356707defb\"><div class=\"panel-body toggle-content fusion-clearfix\">\n<p><span data-sheets-root=\"1\">Bruno Filipe Torres Costa | Mestrado em Engenharia Eletrot\u00e9cnica e de Computadores<br \/>\n<\/span><\/p>\n<p data-pm-slice=\"1 1 &#091;&#093;\">Jos\u00e9 Rui Xavier de Matos<span data-sheets-root=\"1\">\u00a0| Mestrado em Engenharia Qu\u00edmica<\/span><\/p>\n<\/div><\/div><\/div><div class=\"fusion-panel panel-default panel-518035b3a844abd99 fusion-toggle-has-divider\" style=\"--awb-title-color:#a92f1a;--awb-content-color:#747474;\"><div class=\"panel-heading\"><h4 class=\"panel-title toggle\" id=\"toggle_518035b3a844abd99\"><a aria-expanded=\"false\" aria-controls=\"518035b3a844abd99\" role=\"button\" data-toggle=\"collapse\" data-parent=\"#accordion-2387-1\" data-target=\"#518035b3a844abd99\" href=\"#518035b3a844abd99\"><span class=\"fusion-toggle-icon-wrapper\" aria-hidden=\"true\"><i class=\"fa-fusion-box active-icon awb-icon-minus\" aria-hidden=\"true\"><\/i><i class=\"fa-fusion-box inactive-icon awb-icon-plus\" aria-hidden=\"true\"><\/i><\/span><span class=\"fusion-toggle-heading\">Pr\u00e9mio Electro-Minho <\/span><\/a><\/h4><\/div><div id=\"518035b3a844abd99\" class=\"panel-collapse collapse \" aria-labelledby=\"toggle_518035b3a844abd99\"><div class=\"panel-body toggle-content fusion-clearfix\">\n<p>Igor Castro Soares | Mestrado em Engenharia Eletrot\u00e9cnica e de Computadores<\/p>\n<\/div><\/div><\/div><div class=\"fusion-panel panel-default panel-15d5479948914ebbd fusion-toggle-has-divider\" style=\"--awb-title-color:#a92f1a;--awb-content-color:#747474;\"><div class=\"panel-heading\"><h4 class=\"panel-title toggle\" id=\"toggle_15d5479948914ebbd\"><a aria-expanded=\"false\" aria-controls=\"15d5479948914ebbd\" role=\"button\" data-toggle=\"collapse\" data-parent=\"#accordion-2387-1\" data-target=\"#15d5479948914ebbd\" href=\"#15d5479948914ebbd\"><span class=\"fusion-toggle-icon-wrapper\" aria-hidden=\"true\"><i class=\"fa-fusion-box active-icon awb-icon-minus\" aria-hidden=\"true\"><\/i><i class=\"fa-fusion-box inactive-icon awb-icon-plus\" aria-hidden=\"true\"><\/i><\/span><span class=\"fusion-toggle-heading\">Pr\u00e9mio Mestre APGEI<\/span><\/a><\/h4><\/div><div id=\"15d5479948914ebbd\" class=\"panel-collapse collapse \" aria-labelledby=\"toggle_15d5479948914ebbd\"><div class=\"panel-body toggle-content fusion-clearfix\">\n<p><span data-sheets-root=\"1\">Carolina Dias Conde Azevedo | Mestrado em Engenharia e Gest\u00e3o Industrial\u00a0<\/span><\/p>\n<\/div><\/div><\/div><div class=\"fusion-panel panel-default panel-649aa918e4d170805 fusion-toggle-has-divider\" style=\"--awb-title-color:#a92f1a;--awb-content-color:#747474;\"><div class=\"panel-heading\"><h4 class=\"panel-title toggle\" id=\"toggle_649aa918e4d170805\"><a aria-expanded=\"false\" aria-controls=\"649aa918e4d170805\" role=\"button\" data-toggle=\"collapse\" data-parent=\"#accordion-2387-1\" data-target=\"#649aa918e4d170805\" href=\"#649aa918e4d170805\"><span class=\"fusion-toggle-icon-wrapper\" aria-hidden=\"true\"><i class=\"fa-fusion-box active-icon awb-icon-minus\" aria-hidden=\"true\"><\/i><i class=\"fa-fusion-box inactive-icon awb-icon-plus\" aria-hidden=\"true\"><\/i><\/span><span class=\"fusion-toggle-heading\">Pr\u00e9mio Mota Engil Engenharia<\/span><\/a><\/h4><\/div><div id=\"649aa918e4d170805\" class=\"panel-collapse collapse \" aria-labelledby=\"toggle_649aa918e4d170805\"><div class=\"panel-body toggle-content fusion-clearfix\">\n<p><span data-sheets-root=\"1\">Guilherme Clara dos Santos | Mestrado em Engenharia Civil<\/span><\/p>\n<\/div><\/div><\/div><div class=\"fusion-panel panel-default panel-d4ab5970b9bc182fe fusion-toggle-has-divider\" style=\"--awb-title-color:#a92f1a;--awb-content-color:#747474;\"><div class=\"panel-heading\"><h4 class=\"panel-title toggle\" id=\"toggle_d4ab5970b9bc182fe\"><a aria-expanded=\"false\" aria-controls=\"d4ab5970b9bc182fe\" role=\"button\" data-toggle=\"collapse\" data-parent=\"#accordion-2387-1\" data-target=\"#d4ab5970b9bc182fe\" href=\"#d4ab5970b9bc182fe\"><span class=\"fusion-toggle-icon-wrapper\" aria-hidden=\"true\"><i class=\"fa-fusion-box active-icon awb-icon-minus\" aria-hidden=\"true\"><\/i><i class=\"fa-fusion-box inactive-icon awb-icon-plus\" aria-hidden=\"true\"><\/i><\/span><span class=\"fusion-toggle-heading\">Pr\u00e9mio Kaizen Institute<\/span><\/a><\/h4><\/div><div id=\"d4ab5970b9bc182fe\" class=\"panel-collapse collapse \" aria-labelledby=\"toggle_d4ab5970b9bc182fe\"><div class=\"panel-body toggle-content fusion-clearfix\">\n<p><span data-sheets-root=\"1\">J\u00e9ssica Sofia Dion\u00edsio Marques | Mestrado em Engenharia e Gest\u00e3o Industrial<\/span><\/p>\n<\/div><\/div><\/div><div class=\"fusion-panel panel-default panel-52c6f7f6b28f5a1f0 fusion-toggle-has-divider\" style=\"--awb-title-color:#a92f1a;--awb-content-color:#747474;\"><div class=\"panel-heading\"><h4 class=\"panel-title toggle\" id=\"toggle_52c6f7f6b28f5a1f0\"><a aria-expanded=\"false\" aria-controls=\"52c6f7f6b28f5a1f0\" role=\"button\" data-toggle=\"collapse\" data-parent=\"#accordion-2387-1\" data-target=\"#52c6f7f6b28f5a1f0\" href=\"#52c6f7f6b28f5a1f0\"><span class=\"fusion-toggle-icon-wrapper\" aria-hidden=\"true\"><i class=\"fa-fusion-box active-icon awb-icon-minus\" aria-hidden=\"true\"><\/i><i class=\"fa-fusion-box inactive-icon awb-icon-plus\" aria-hidden=\"true\"><\/i><\/span><span class=\"fusion-toggle-heading\">Pr\u00e9mio Prof. Doutor Hor\u00e1cio Maia e Costa<\/span><\/a><\/h4><\/div><div id=\"52c6f7f6b28f5a1f0\" class=\"panel-collapse collapse \" aria-labelledby=\"toggle_52c6f7f6b28f5a1f0\"><div class=\"panel-body toggle-content fusion-clearfix\">\n<p>Rui Pedro Festas Ribeiro | Mestrado em Engenharia de Materiais<\/p>\n<\/div><\/div><\/div><div class=\"fusion-panel panel-default panel-89a7d774174d8e3a9 fusion-toggle-has-divider\" style=\"--awb-title-color:#a92f1a;--awb-content-color:#747474;\"><div class=\"panel-heading\"><h4 class=\"panel-title toggle\" id=\"toggle_89a7d774174d8e3a9\"><a aria-expanded=\"false\" aria-controls=\"89a7d774174d8e3a9\" role=\"button\" data-toggle=\"collapse\" data-parent=\"#accordion-2387-1\" data-target=\"#89a7d774174d8e3a9\" href=\"#89a7d774174d8e3a9\"><span class=\"fusion-toggle-icon-wrapper\" aria-hidden=\"true\"><i class=\"fa-fusion-box active-icon awb-icon-minus\" aria-hidden=\"true\"><\/i><i class=\"fa-fusion-box inactive-icon awb-icon-plus\" aria-hidden=\"true\"><\/i><\/span><span class=\"fusion-toggle-heading\">Pr\u00e9mio Prof. Vasco S\u00e1<\/span><\/a><\/h4><\/div><div id=\"89a7d774174d8e3a9\" class=\"panel-collapse collapse \" aria-labelledby=\"toggle_89a7d774174d8e3a9\"><div class=\"panel-body toggle-content fusion-clearfix\">\n<p><span data-sheets-root=\"1\">Diogo Neves Agra | Mestrado em Engenharia Mec\u00e2nica<\/span><\/p>\n<\/div><\/div><\/div><div class=\"fusion-panel panel-default panel-666cdedb3877a7f7b fusion-toggle-has-divider\" style=\"--awb-title-color:#a92f1a;--awb-content-color:#747474;\"><div class=\"panel-heading\"><h4 class=\"panel-title toggle\" id=\"toggle_666cdedb3877a7f7b\"><a aria-expanded=\"false\" aria-controls=\"666cdedb3877a7f7b\" role=\"button\" data-toggle=\"collapse\" data-parent=\"#accordion-2387-1\" data-target=\"#666cdedb3877a7f7b\" href=\"#666cdedb3877a7f7b\"><span class=\"fusion-toggle-icon-wrapper\" aria-hidden=\"true\"><i class=\"fa-fusion-box active-icon awb-icon-minus\" aria-hidden=\"true\"><\/i><i class=\"fa-fusion-box inactive-icon awb-icon-plus\" aria-hidden=\"true\"><\/i><\/span><span class=\"fusion-toggle-heading\">Pr\u00e9mio Prof. Joaquim Fonseca<\/span><\/a><\/h4><\/div><div id=\"666cdedb3877a7f7b\" class=\"panel-collapse collapse \" aria-labelledby=\"toggle_666cdedb3877a7f7b\"><div class=\"panel-body toggle-content fusion-clearfix\">\n<p><span data-sheets-root=\"1\">Ana Teresa Ferraz Ven\u00e2ncio | Mestrado em Engenharia Mec\u00e2nica<\/span><\/p>\n<\/div><\/div><\/div><div class=\"fusion-panel panel-default panel-9da8aa40352a4eefd fusion-toggle-has-divider\" style=\"--awb-title-color:#a92f1a;--awb-content-color:#747474;\"><div class=\"panel-heading\"><h4 class=\"panel-title toggle\" id=\"toggle_9da8aa40352a4eefd\"><a aria-expanded=\"false\" aria-controls=\"9da8aa40352a4eefd\" role=\"button\" data-toggle=\"collapse\" data-parent=\"#accordion-2387-1\" data-target=\"#9da8aa40352a4eefd\" href=\"#9da8aa40352a4eefd\"><span class=\"fusion-toggle-icon-wrapper\" aria-hidden=\"true\"><i class=\"fa-fusion-box active-icon awb-icon-minus\" aria-hidden=\"true\"><\/i><i class=\"fa-fusion-box inactive-icon awb-icon-plus\" aria-hidden=\"true\"><\/i><\/span><span class=\"fusion-toggle-heading\">Pr\u00e9mio Raul Vidal | Deloitte<\/span><\/a><\/h4><\/div><div id=\"9da8aa40352a4eefd\" class=\"panel-collapse collapse \" aria-labelledby=\"toggle_9da8aa40352a4eefd\"><div class=\"panel-body toggle-content fusion-clearfix\">\n<p><span data-sheets-root=\"1\">Ant\u00f3nio Oliveira Ferreira | Mestrado em Engenharia Inform\u00e1tica e Computa\u00e7\u00e3o<\/span><\/p>\n<\/div><\/div><\/div><div class=\"fusion-panel panel-default panel-0d424a978d0cb3e4d fusion-toggle-has-divider\" style=\"--awb-title-color:#a92f1a;--awb-content-color:#747474;\"><div class=\"panel-heading\"><h4 class=\"panel-title toggle\" id=\"toggle_0d424a978d0cb3e4d\"><a aria-expanded=\"false\" aria-controls=\"0d424a978d0cb3e4d\" role=\"button\" data-toggle=\"collapse\" data-parent=\"#accordion-2387-1\" data-target=\"#0d424a978d0cb3e4d\" href=\"#0d424a978d0cb3e4d\"><span class=\"fusion-toggle-icon-wrapper\" aria-hidden=\"true\"><i class=\"fa-fusion-box active-icon awb-icon-minus\" aria-hidden=\"true\"><\/i><i class=\"fa-fusion-box inactive-icon awb-icon-plus\" aria-hidden=\"true\"><\/i><\/span><span class=\"fusion-toggle-heading\">Vestas Award<\/span><\/a><\/h4><\/div><div id=\"0d424a978d0cb3e4d\" class=\"panel-collapse collapse \" aria-labelledby=\"toggle_0d424a978d0cb3e4d\"><div class=\"panel-body toggle-content fusion-clearfix\">\n<div><span data-sheets-root=\"1\">Jos\u00e9 Lu\u00eds Cunha Rodrigues<\/span>\u00a0| Mestrado em\u00a0Engenharia\u00a0Inform\u00e1tica e Computa\u00e7\u00e3o<\/div>\n<div>Ana Teresa Ferraz Ven\u00e2ncio | Mestrado em Engenharia Mec\u00e2nica<\/div>\n<\/div><\/div><\/div><\/div><\/div><\/div><\/div><\/div><\/div>\n","protected":false},"excerpt":{"rendered":"","protected":false},"author":1,"featured_media":0,"parent":0,"menu_order":0,"comment_status":"closed","ping_status":"closed","template":"","meta":{"footnotes":""},"class_list":["post-2387","page","type-page","status-publish","hentry"],"_links":{"self":[{"href":"https:\/\/fe.up.pt\/nmestres\/2025\/wp-json\/wp\/v2\/pages\/2387","targetHints":{"allow":["GET"]}}],"collection":[{"href":"https:\/\/fe.up.pt\/nmestres\/2025\/wp-json\/wp\/v2\/pages"}],"about":[{"href":"https:\/\/fe.up.pt\/nmestres\/2025\/wp-json\/wp\/v2\/types\/page"}],"author":[{"embeddable":true,"href":"https:\/\/fe.up.pt\/nmestres\/2025\/wp-json\/wp\/v2\/users\/1"}],"replies":[{"embeddable":true,"href":"https:\/\/fe.up.pt\/nmestres\/2025\/wp-json\/wp\/v2\/comments?post=2387"}],"version-history":[{"count":46,"href":"https:\/\/fe.up.pt\/nmestres\/2025\/wp-json\/wp\/v2\/pages\/2387\/revisions"}],"predecessor-version":[{"id":3829,"href":"https:\/\/fe.up.pt\/nmestres\/2025\/wp-json\/wp\/v2\/pages\/2387\/revisions\/3829"}],"wp:attachment":[{"href":"https:\/\/fe.up.pt\/nmestres\/2025\/wp-json\/wp\/v2\/media?parent=2387"}],"curies":[{"name":"wp","href":"https:\/\/api.w.org\/{rel}","templated":true}]}}