{"id":1689,"date":"2016-06-21T13:26:45","date_gmt":"2016-06-21T13:26:45","guid":{"rendered":"https:\/\/paginas.fe.up.pt\/~nmestres\/2023\/?page_id=1689"},"modified":"2025-10-27T16:50:03","modified_gmt":"2025-10-27T16:50:03","slug":"programa","status":"publish","type":"page","link":"https:\/\/fe.up.pt\/nmestres\/2025\/programa\/","title":{"rendered":"Programa"},"content":{"rendered":"<div class=\"fusion-fullwidth fullwidth-box fusion-builder-row-1 nonhundred-percent-fullwidth non-hundred-percent-height-scrolling\" style=\"--awb-background-position:left top;--awb-border-sizes-top:0px;--awb-border-sizes-bottom:0px;--awb-border-sizes-left:0px;--awb-border-sizes-right:0px;--awb-border-radius-top-left:0px;--awb-border-radius-top-right:0px;--awb-border-radius-bottom-right:0px;--awb-border-radius-bottom-left:0px;--awb-padding-top:20px;--awb-padding-bottom:20px;--awb-flex-wrap:wrap;\" ><div class=\"fusion-builder-row fusion-row\"><div class=\"fusion-layout-column fusion_builder_column fusion-builder-column-0 fusion_builder_column_1_1 1_1 fusion-one-full fusion-column-first fusion-column-last\" style=\"--awb-bg-size:cover;\"><div class=\"fusion-column-wrapper fusion-flex-column-wrapper-legacy\"><div class=\"fusion-text fusion-text-1\"><p><span style=\"font-size: 14pt;\"><b>Casa da M\u00fasica | Sala Suggia<\/b><b><br \/>\n<\/b><b>22 de novembro de 2025<\/b><\/span><\/p>\n<p><span style=\"font-weight: 400;\">10h00<\/span><span style=\"font-weight: 400;\"><br \/>\n<\/span><b>Rece\u00e7\u00e3o<\/b><\/p>\n<p><span style=\"font-weight: 400;\">10h30<br \/>\n<\/span><span style=\"font-weight: 400;\"><strong>Entrada do Cortejo Acad\u00e9mico<\/strong><br \/>\n<\/span><b>Abertura<\/b><\/p>\n<p><b>Alocu\u00e7\u00e3o Inaugural<\/b><b><br \/>\n<\/b><span style=\"font-weight: 400;\">Diretor da FEUP, Professor Doutor Rui Cal\u00e7ada<\/span><\/p>\n<p><b>Alocu\u00e7\u00e3o dos Estudantes<\/b><span style=\"font-weight: 400;\"><br \/>\n<\/span><span style=\"font-weight: 400;\">Presidente da AEFEUP, Matilde Vieira<\/span><\/p>\n<p><b>Nomea\u00e7\u00e3o dos diplomados e apresenta\u00e7\u00e3o de cumprimentos<\/b><\/p>\n<p><b>Alocu\u00e7\u00e3o Novo Mestre 2024\/25<\/b><b><br \/>\n<\/b><\/p>\n<p><b>Momento Musical pela Tuna<\/b><\/p>\n<p><b>Entrega de pr\u00e9mios de m\u00e9rito<\/b><\/p>\n<p><strong>Assinatura de Protocolo com a Ordem dos Engenheiros<\/strong><\/p>\n<p><a href=\"https:\/\/fe.up.pt\/nmestres\/2025\/alococao-convidada\/\"><strong>Alocu\u00e7\u00e3o Convidada<\/strong><\/a><br \/>\nBaston\u00e1rio da Ordem dos Engenheiros<br \/>\nFernando de Almeida Santos<strong><br \/>\n<\/strong><\/p>\n<p><b>Alocu\u00e7\u00e3o final<\/b><b><br \/>\n<\/b><span style=\"font-weight: 400;\"><span data-sheets-root=\"1\">Vice-Reitora para a Transforma\u00e7\u00e3o Digital e Gest\u00e3o da Informa\u00e7\u00e3o da Universidade do Porto<br \/>\n<\/span>Professora <span data-sheets-root=\"1\">Ana Maria Ponces Camanho<\/span>\u00a0<\/span><\/p>\n<p><b>Encerramento<\/b><\/p>\n<p><span style=\"font-weight: 400;\">12h30<\/span><span style=\"font-weight: 400;\"><br \/>\n<\/span><b>Porto de Honra<\/b><b><br \/>\n<\/b><\/p>\n<\/div><div class=\"fusion-clearfix\"><\/div><\/div><\/div><\/div><\/div>\n","protected":false},"excerpt":{"rendered":"","protected":false},"author":1,"featured_media":0,"parent":0,"menu_order":0,"comment_status":"closed","ping_status":"closed","template":"100-width.php","meta":{"footnotes":""},"class_list":["post-1689","page","type-page","status-publish","hentry"],"_links":{"self":[{"href":"https:\/\/fe.up.pt\/nmestres\/2025\/wp-json\/wp\/v2\/pages\/1689","targetHints":{"allow":["GET"]}}],"collection":[{"href":"https:\/\/fe.up.pt\/nmestres\/2025\/wp-json\/wp\/v2\/pages"}],"about":[{"href":"https:\/\/fe.up.pt\/nmestres\/2025\/wp-json\/wp\/v2\/types\/page"}],"author":[{"embeddable":true,"href":"https:\/\/fe.up.pt\/nmestres\/2025\/wp-json\/wp\/v2\/users\/1"}],"replies":[{"embeddable":true,"href":"https:\/\/fe.up.pt\/nmestres\/2025\/wp-json\/wp\/v2\/comments?post=1689"}],"version-history":[{"count":45,"href":"https:\/\/fe.up.pt\/nmestres\/2025\/wp-json\/wp\/v2\/pages\/1689\/revisions"}],"predecessor-version":[{"id":3806,"href":"https:\/\/fe.up.pt\/nmestres\/2025\/wp-json\/wp\/v2\/pages\/1689\/revisions\/3806"}],"wp:attachment":[{"href":"https:\/\/fe.up.pt\/nmestres\/2025\/wp-json\/wp\/v2\/media?parent=1689"}],"curies":[{"name":"wp","href":"https:\/\/api.w.org\/{rel}","templated":true}]}}