{"id":1687,"date":"2016-06-21T13:26:27","date_gmt":"2016-06-21T13:26:27","guid":{"rendered":"https:\/\/paginas.fe.up.pt\/~nmestres\/2023\/?page_id=1687"},"modified":"2025-10-03T16:48:24","modified_gmt":"2025-10-03T15:48:24","slug":"mensagem-do-diretor","status":"publish","type":"page","link":"https:\/\/fe.up.pt\/nmestres\/2025\/mensagem-do-diretor\/","title":{"rendered":"Mensagem do Diretor"},"content":{"rendered":"<div class=\"fusion-fullwidth fullwidth-box fusion-builder-row-1 nonhundred-percent-fullwidth non-hundred-percent-height-scrolling\" style=\"--awb-background-position:left top;--awb-border-sizes-top:0px;--awb-border-sizes-bottom:0px;--awb-border-sizes-left:0px;--awb-border-sizes-right:0px;--awb-border-radius-top-left:0px;--awb-border-radius-top-right:0px;--awb-border-radius-bottom-right:0px;--awb-border-radius-bottom-left:0px;--awb-padding-top:20px;--awb-padding-bottom:20px;--awb-flex-wrap:wrap;\" ><div class=\"fusion-builder-row fusion-row\"><div class=\"fusion-layout-column fusion_builder_column fusion-builder-column-0 fusion_builder_column_1_6 1_6 fusion-one-sixth fusion-column-first\" style=\"--awb-bg-size:cover;width:13.3333%; margin-right: 4%;\"><div class=\"fusion-column-wrapper fusion-flex-column-wrapper-legacy\"><div class=\"fusion-clearfix\"><\/div><\/div><\/div><div class=\"fusion-layout-column fusion_builder_column fusion-builder-column-1 fusion_builder_column_2_3 2_3 fusion-two-third\" style=\"--awb-bg-size:cover;width:65.3333%; margin-right: 4%;\"><div class=\"fusion-column-wrapper fusion-flex-column-wrapper-legacy\"><div class=\"fusion-text fusion-text-1\"><p>Realiza-se no pr\u00f3ximo dia 22 de novembro de 2025 a Comemora\u00e7\u00e3o \u201cNovos Mestres FEUP\u201d \u2013 um dos momentos simb\u00f3licos marcantes da nossa Institui\u00e7\u00e3o.<\/p>\n<p>Esta comemora\u00e7\u00e3o visa celebrar a conclus\u00e3o dos ciclos de estudo de 2024\/25, que atribu\u00edram o grau de Mestre a cerca de 1000 estudantes da nossa Faculdade e promete o mesmo entusiasmo e empenho de sempre, para saudar e homenagear aqueles que se prepararam para abra\u00e7ar os desafios do mundo profissional na \u00e1rea da Engenharia.<\/p>\n<p>Na nova etapa que se segue, desejamos que os Novos Mestres sejam agentes de mudan\u00e7a construtiva, capazes de melhorar e dinamizar as empresas e as organiza\u00e7\u00f5es em que venham a colaborar ou liderar, contribuindo para o desenvolvimento sustent\u00e1vel do planeta, contribuindo para a constru\u00e7\u00e3o de um novo modelo global para acabar com a pobreza, promover a prosperidade e o bem-estar de todos, proteger o ambiente e combater as altera\u00e7\u00f5es clim\u00e1ticas, em que os engenheiros dever\u00e3o assumir um papel muito relevante.<\/p>\n<p>A FEUP congratula-se por vos ter acompanhado at\u00e9 aqui e mant\u00e9m as portas abertas para o futuro, assumindo o compromisso de explorarmos formas conjuntas de coopera\u00e7\u00e3o para o refor\u00e7o da liga\u00e7\u00e3o da FEUP ao tecido socioecon\u00f3mico, na defini\u00e7\u00e3o de programas para a forma\u00e7\u00e3o ao longo da vida, na melhoria da comunica\u00e7\u00e3o com os Alumni e entre os Alumni, criando liga\u00e7\u00f5es para a vida com a vossa Alma Mater.<\/p>\n<p>Atrav\u00e9s de um corpo docente dedicado e de uma equipa de investigadores e de pessoal t\u00e9cnico altamente qualificada, a FEUP \u00e9 hoje uma refer\u00eancia no ensino da Engenharia em Portugal e no Mundo. Al\u00e9m do not\u00e1vel trabalho desenvolvido na vertente do ensino, a FEUP destaca-se ainda pelo seu importante papel na investiga\u00e7\u00e3o e desenvolvimento e na valoriza\u00e7\u00e3o econ\u00f3mica e social do conhecimento. S\u00e3o estas as ins\u00edgnias de qualidade que inspiram a marca FEUP e contribuem para dignificar a institui\u00e7\u00e3o e para o desenvolvimento e afirma\u00e7\u00e3o da FEUP e n\u00edvel nacional e internacional. \u00c9 este o legado que, acreditamos, se ir\u00e1 repercutir nos vossos projetos profissionais e que servir\u00e1 de base ao vosso sucesso. O futuro da marca FEUP depende de todos n\u00f3s e contamos com esta nova gera\u00e7\u00e3o de mestres para a levar ainda mais longe.<\/p>\n<p>A comemora\u00e7\u00e3o destina-se aos estudantes que terminaram os seus mestrados, aos seus professores e demais profissionais da FEUP que os ajudaram e, naturalmente, aos familiares e amigos que, mesmo perante as adversidades, sempre estiveram presentes.<\/p>\n<p>\u00c9, assim, que com enorme satisfa\u00e7\u00e3o e orgulho expresso as maiores felicita\u00e7\u00f5es pessoais e profissionais aos novos mestres FEUP e lan\u00e7o o convite a todos os interessados para participarem nesta memor\u00e1vel comemora\u00e7\u00e3o.<\/p>\n<p>Rui Cal\u00e7ada<br \/>\nDiretor da FEUP<\/p>\n<\/div><div class=\"fusion-clearfix\"><\/div><\/div><\/div><div class=\"fusion-layout-column fusion_builder_column fusion-builder-column-2 fusion_builder_column_1_6 1_6 fusion-one-sixth fusion-column-last\" style=\"--awb-bg-size:cover;width:13.3333%;\"><div class=\"fusion-column-wrapper fusion-flex-column-wrapper-legacy\"><div class=\"fusion-clearfix\"><\/div><\/div><\/div><\/div><\/div>\n","protected":false},"excerpt":{"rendered":"","protected":false},"author":1,"featured_media":0,"parent":0,"menu_order":0,"comment_status":"closed","ping_status":"closed","template":"100-width.php","meta":{"footnotes":""},"class_list":["post-1687","page","type-page","status-publish","hentry"],"_links":{"self":[{"href":"https:\/\/fe.up.pt\/nmestres\/2025\/wp-json\/wp\/v2\/pages\/1687","targetHints":{"allow":["GET"]}}],"collection":[{"href":"https:\/\/fe.up.pt\/nmestres\/2025\/wp-json\/wp\/v2\/pages"}],"about":[{"href":"https:\/\/fe.up.pt\/nmestres\/2025\/wp-json\/wp\/v2\/types\/page"}],"author":[{"embeddable":true,"href":"https:\/\/fe.up.pt\/nmestres\/2025\/wp-json\/wp\/v2\/users\/1"}],"replies":[{"embeddable":true,"href":"https:\/\/fe.up.pt\/nmestres\/2025\/wp-json\/wp\/v2\/comments?post=1687"}],"version-history":[{"count":12,"href":"https:\/\/fe.up.pt\/nmestres\/2025\/wp-json\/wp\/v2\/pages\/1687\/revisions"}],"predecessor-version":[{"id":3781,"href":"https:\/\/fe.up.pt\/nmestres\/2025\/wp-json\/wp\/v2\/pages\/1687\/revisions\/3781"}],"wp:attachment":[{"href":"https:\/\/fe.up.pt\/nmestres\/2025\/wp-json\/wp\/v2\/media?parent=1687"}],"curies":[{"name":"wp","href":"https:\/\/api.w.org\/{rel}","templated":true}]}}