{"id":79,"date":"2022-03-01T16:55:20","date_gmt":"2022-03-01T16:55:20","guid":{"rendered":"https:\/\/web.fe.up.pt\/~iras\/?page_id=79"},"modified":"2023-01-26T14:22:52","modified_gmt":"2023-01-26T14:22:52","slug":"scientific-committee","status":"publish","type":"page","link":"https:\/\/fe.up.pt\/iras\/scientific-committee\/","title":{"rendered":"Scientific Committee"},"content":{"rendered":"\n<div class=\"wp-block-columns is-layout-flex wp-container-core-columns-is-layout-9d6595d7 wp-block-columns-is-layout-flex\">\n<div class=\"wp-block-column is-layout-flow wp-block-column-is-layout-flow\" style=\"flex-basis:100%\">\n<figure class=\"wp-block-table\"><table><tbody><tr><td>A. Fern\u00e1ndez Canteli<\/td><td>University of Oviedo<\/td><td>Spain<\/td><\/tr><tr><td>Ab\u00edlio M.P. de Jesus<\/td><td>University of Porto<\/td><td>Portugal<\/td><\/tr><tr><td>Ad\u00e3o da Fonseca<\/td><td>University of Porto<\/td><td>Portugal<\/td><\/tr><tr><td>Alain Nussbaumer<\/td><td>Swiss Federal Institute of Technology in Lausanne<\/td><td>Switzerland<\/td><\/tr><tr><td>Aleksandar Sedmak<\/td><td>University of Belgrade<\/td><td>Serbia<\/td><\/tr><tr><td>Alessio Pipinato<\/td><td>Pipinato &amp; Partners, University of Padova<\/td><td>Italy<\/td><\/tr><tr><td>Andr\u00e9as Andersson<\/td><td>KTH Royal Institute of Technology<\/td><td>Sweden<\/td><\/tr><tr><td>Andrei Kotousov<\/td><td>The University of Adelaide<\/td><td>Australia<\/td><\/tr><tr><td>Ant\u00f3nio Abel Henriques<\/td><td>University of Porto<\/td><td>Portugal<\/td><\/tr><tr><td>Ant\u00f3nio Reis<\/td><td>Grid International, IST\/University of Lisbon<\/td><td>Portugal<\/td><\/tr><tr><td>Atillio Arcari<\/td><td>U.S. Naval Research Laboratory<\/td><td>USA<\/td><\/tr><tr><td>Ayhan Ince<\/td><td>Department of Mechanical, Industrial &amp; Aerospace Engineering, Concordia University<\/td><td>Canada<\/td><\/tr><tr><td>Ana Petrovic<\/td><td>University of Belgrade<\/td><td>Serbia<\/td><\/tr><tr><td>Behrooz Keshtegar<\/td><td>Department of Civil Engineering, Faculty of Engineering, University of Zabol<\/td><td>Iran<\/td><\/tr><tr><td>Branislav Djordjevic<\/td><td>University of Belgrade<\/td><td>Serbia<\/td><\/tr><tr><td>Carlos Oliveira<\/td><td>Polytechnic Institute of Viana do Castelo<\/td><td>Portugal<\/td><\/tr><tr><td>Carlos Rebelo<\/td><td>University of Coimbra<\/td><td>Portugal<\/td><\/tr><tr><td>Carlos Sousa<\/td><td>University of Porto<\/td><td>Portugal<\/td><\/tr><tr><td>Chao Jiang<\/td><td>College of Mechanical and Vehicle Engineering, Hunan University<\/td><td>China<\/td><\/tr><tr><td>Chengwei Fei<\/td><td>Department of Aeronautics and Astronautics, Fudan University<\/td><td>China<\/td><\/tr><tr><td>Cristina Reis<\/td><td>University of Tr\u00e1s-os-Montes and Alto Douro<\/td><td>Portugal<\/td><\/tr><tr><td>Dariusz Rozumek<\/td><td>Opole University of Technology<\/td><td>Poland<\/td><\/tr><tr><td>David Rocuba<\/td><td>Centro Tecnologico Componentes<\/td><td>Spain<\/td><\/tr><tr><td>Debiao Meng<\/td><td>School of Mechanical and Electrical Engineering, University of Electronic Science and Technology of China<\/td><td>China<\/td><\/tr><tr><td>Dianyin Hu<\/td><td>School of Energy and Power Engineering, Beihang University<\/td><td>China<\/td><\/tr><tr><td>Dimitrios Pavlou<\/td><td>University of Stavanger<\/td><td>Norway<\/td><\/tr><tr><td>Diogo Ribeiro<\/td><td>Polytechnic Institute of Porto<\/td><td>Portugal<\/td><\/tr><tr><td>Dmitry Neganov<\/td><td>Pipeline Transport Institute &#8220;Transneft&#8221; (PTI, LLC), Moscow<\/td><td>Russia<\/td><\/tr><tr><td>Dmitry Reznikoff<\/td><td>Mechanical Engineering Research, Institute of the Russian, Academy of Sciences (IMASH RAS), Moscow<\/td><td>Russia<\/td><\/tr><tr><td>Ehsan Noroozinejad<\/td><td>Graduate University of Advanced Technology<\/td><td>Iran<\/td><\/tr><tr><td>Elena Fedorova<\/td><td>ICT SB RAS, Krasnoyarsk Branch Office, Siberian Federal University<\/td><td>Russia<\/td><\/tr><tr><td>Elias Kassa<\/td><td>Norwegian University of Science and Technology (NTNU)<\/td><td>Norway<\/td><\/tr><tr><td>Enrique Castillo<\/td><td>University of Cantabria<\/td><td>Spain<\/td><\/tr><tr><td>Evgeniia Georgievskaia<\/td><td>JSC &#8220;NPO CKTI&#8221;, St-Petersburg<\/td><td>Russia<\/td><\/tr><tr><td>Filippo Berto<\/td><td>Norwegian University of Science and Technology<\/td><td>Norway<\/td><\/tr><tr><td>Francesco Iacoviello<\/td><td>University of Cassino e del Lazio Meridionale<\/td><td>Italy<\/td><\/tr><tr><td>Gilbert H\u00e9naff<\/td><td>ISAE &#8211; ENSMA<\/td><td>France<\/td><\/tr><tr><td>Grzegorz Lesiuk<\/td><td>Wroclaw University of Technology<\/td><td>Poland<\/td><\/tr><tr><td>Guian Qian<\/td><td>State Key Laboratory of Nonlinear Mechanics, Institute of Mechanics, Chinese Academy of Sciences<\/td><td>China<\/td><\/tr><tr><td>Haohui Xin<\/td><td>Delft University of technology<\/td><td>Netherlands<\/td><\/tr><tr><td>Helder Craveiro<\/td><td>University of Coimbra<\/td><td>Portugal<\/td><\/tr><tr><td>Helena Gerv\u00e1sio<\/td><td>University of Coimbra<\/td><td>Portugal<\/td><\/tr><tr><td>Henk Kolstein<\/td><td>Delft University of Technology<\/td><td>Netherlands<\/td><\/tr><tr><td>Hermes de Carvalho<\/td><td>Federal University of Minas Gerais<\/td><td>Brazil<\/td><\/tr><tr><td>Hern\u00e1n Pinto Arancet<\/td><td>Pontifical Catholic University of Valpara\u00edso<\/td><td>Chile<\/td><\/tr><tr><td>Hryhoriy Nykyforchyn<\/td><td>Karpenko Physico-Mechanical Institute of the National Academy of Sciences of Ukraine<\/td><td>Ukraine<\/td><\/tr><tr><td>Humberto Varum<\/td><td>University of Porto<\/td><td>Portugal<\/td><\/tr><tr><td>Jes\u00fas Toribio<\/td><td>University of Salamanca<\/td><td>Spain<\/td><\/tr><tr><td>Jianfeng Wen<\/td><td>East China University of Science and Technology<\/td><td>China<\/td><\/tr><tr><td>Jo\u00e3o Pedro Martins<\/td><td>University of Coimbra<\/td><td>Portugal<\/td><\/tr><tr><td>John Leander<\/td><td>KTH Royal Institute of Technology<\/td><td>Sweden<\/td><\/tr><tr><td>Jos\u00e9 Ant\u00f3nio Correia<\/td><td>University of Porto<\/td><td>Portugal<\/td><\/tr><tr><td>Jos\u00e9 Esteves<\/td><td>University of Porto<\/td><td>Portugal<\/td><\/tr><tr><td>Jose Maria Goicolea<\/td><td>Technical University of Madrid<\/td><td>Spain<\/td><\/tr><tr><td>Jos\u00e9 Miguel Castro<\/td><td>University of Porto<\/td><td>Portugal<\/td><\/tr><tr><td>Jos\u00e9 Xavier<\/td><td>New University of Lisbon<\/td><td>Portugal<\/td><\/tr><tr><td>Katarzyna Pietrucha-Urbanik<\/td><td>Rzeszow University of Technology<\/td><td>Poland<\/td><\/tr><tr><td>Laszlo Toth<\/td><td>Bayzoltan<\/td><td>Hungary<\/td><\/tr><tr><td>Linamar\u00eda Gallegos Mayorga<\/td><td>ENSAM<\/td><td>France<\/td><\/tr><tr><td>Lothar Kroll<\/td><td>Chemnitz University of Technology<\/td><td>Germany<\/td><\/tr><tr><td>Ludmila Botvina<\/td><td>A.A. Baikov Institute of Metallurgy and Materials Science of the Russian Academy of Sciences<\/td><td>Russia<\/td><\/tr><tr><td>Luis Sim\u00f5es da Silva<\/td><td>University of Coimbra<\/td><td>Portugal<\/td><\/tr><tr><td>Majid Ayatollahi<\/td><td>Iran University of Science and Technology<\/td><td>Iran<\/td><\/tr><tr><td>Makoto Tanabe<\/td><td>Kanagawa Institute of Technology<\/td><td>Japan<\/td><\/tr><tr><td>Mar\u00eda Jes\u00fas Lamela<\/td><td>University of Oviedo<\/td><td>Spain<\/td><\/tr><tr><td>Mar\u00eda Nogal<\/td><td>Trinity College Dublin, the University of Dublin<\/td><td>Ireland<\/td><\/tr><tr><td>Matthew Hebdon<\/td><td>Virginia Tech<\/td><td>USA<\/td><\/tr><tr><td>Mieczys\u0142aw Szata<\/td><td>&nbsp;Wroc\u0142aw University of Sciencie and Technology<\/td><td>Poland<\/td><\/tr><tr><td>Miguel Calvente<\/td><td>University of Oviedo<\/td><td>Spain<\/td><\/tr><tr><td>Milan Veljkovic<\/td><td>Delft University of Technology<\/td><td>Netherlands<\/td><\/tr><tr><td>Miros\u0142aw Bocian<\/td><td>Wroclaw University of Science and Technology, Faculty of Mechanical Engineering<\/td><td>Poland<\/td><\/tr><tr><td>Nicholas Fantuzzi<\/td><td>University of Bologna<\/td><td>Italy<\/td><\/tr><tr><td>Nicole Apetre<\/td><td>TDA-i<\/td><td>USA<\/td><\/tr><tr><td>Nikolay Makhutov<\/td><td>Mechanical Engineering Research, Institute of the Russian, Academy of Sciences (IMASH RAS), Moscow<\/td><td>Russia<\/td><\/tr><tr><td>Paul Caiza<\/td><td>Karlsruhe Institute of Technology<\/td><td>Germany<\/td><\/tr><tr><td>Paulo Tavares de Castro<\/td><td>University of Porto<\/td><td>Portugal<\/td><\/tr><tr><td>Pedro Montenegro<\/td><td>Unviersity of Porto<\/td><td>Portugal<\/td><\/tr><tr><td>Peter Huffman<\/td><td>John Deere<\/td><td>USA<\/td><\/tr><tr><td>Raied Karoumi<\/td><td>KTH Royal Institute of Technology<\/td><td>Sweden<\/td><\/tr><tr><td>Raimundo Freire J\u00fanior<\/td><td>Federal University of Rio Grande do Norte<\/td><td>Brazil<\/td><\/tr><tr><td>Roberto Brighenti<\/td><td>University of Parma<\/td><td>Italy<\/td><\/tr><tr><td>Rodrigo Falc\u00e3o Moreira<\/td><td>Porto School of Engineering, Polytechnic Institute of Porto<\/td><td>Portugal<\/td><\/tr><tr><td>Rui Cal\u00e7ada<\/td><td>University of Porto<\/td><td>Portugal<\/td><\/tr><tr><td>Rui Carneiro de Barros<\/td><td>University of Porto<\/td><td>Portugal<\/td><\/tr><tr><td>Rui Liu<\/td><td>Institute of Chemical Materials, China Academy of Engineering Physics<\/td><td>China<\/td><\/tr><tr><td>Rui Martins<\/td><td>New University of Lisbon<\/td><td>Portugal<\/td><\/tr><tr><td>Sabrina Vantadori<\/td><td>University of Parma<\/td><td>Italy<\/td><\/tr><tr><td>Sergio Cicero Gonzalez<\/td><td>University of Cantabria<\/td><td>Spain<\/td><\/tr><tr><td>S\u00e9rgio Tavares<\/td><td>Efacec Power Solutions<\/td><td>Portugal<\/td><\/tr><tr><td>Shengchuan Wu<\/td><td>State Key Laboratory of Traction Power, Southwest Jiaotong University<\/td><td>China<\/td><\/tr><tr><td>Shun-Peng Zhu<\/td><td>Center for System Reliability &amp; Safety, University of Electronic Science and Technology of China<\/td><td>China<\/td><\/tr><tr><td>Sne\u017eana Kirin<\/td><td>University of Belgrade<\/td><td>Serbia<\/td><\/tr><tr><td>Stanislav Seitl<\/td><td>IPM<\/td><td>Czech Republic<\/td><\/tr><tr><td>St\u00e9phane Sire<\/td><td>University of Brest<\/td><td>France<\/td><\/tr><tr><td>Sviatoslav Timashev<\/td><td>Science and Engineering Center &#8220;Reliability and Safety of Large Systems and Machines&#8221;, UB RAS, Ekaterinburg<\/td><td>Russia<\/td><\/tr><tr><td>Simon Sedmak<\/td><td>University of Belgrade<\/td><td>Serbia<\/td><\/tr><tr><td>Thomas Ummenhofer<\/td><td>Karlsruhe Institute of Technology<\/td><td>Germany<\/td><\/tr><tr><td>Tiago Ferradosa<\/td><td>University of Porto<\/td><td>Portugal<\/td><\/tr><tr><td>Tomasz Nowakowski<\/td><td>Wroclaw University of Science and Technology, Faculty of Mechanical Engineering<\/td><td>Poland<\/td><\/tr><tr><td>Vladimir Moskvichev<\/td><td>Institute of Computational Technologies SB RAS, Krasnoyarsk Branch Office<\/td><td>Russia<\/td><\/tr><tr><td>Wanming Zhai<\/td><td>Southwest Jiaotong University<\/td><td>China<\/td><\/tr><tr><td>Wojciech B\u0142a\u017cejewski<\/td><td>Wroclaw University of Science and Technology, Faculty of Mechanical Engineering<\/td><td>Poland<\/td><\/tr><tr><td>Xavier Rom\u00e3o<\/td><td>University of Porto<\/td><td>Portugal<\/td><\/tr><tr><td>Xiancheng Zhang<\/td><td>East China University of Science and Technology, China<\/td><td>China<\/td><\/tr><tr><td>Yury Matvienko<\/td><td>Mechanical Engineering Research, Institute of the Russian, Academy of Sciences (IMASH RAS), Moscow<\/td><td>Russia<\/td><\/tr><tr><td>Yury Petrov<\/td><td>St-Petersburg State University, St-Petersburg<\/td><td>Russia<\/td><\/tr><tr><td>Z. Marciniak<\/td><td>Opole University of Technology<\/td><td>Poland<\/td><\/tr><tr><td>Zhongxiang Liu<\/td><td>Virginia Tech<\/td><td>USA<\/td><\/tr><\/tbody><\/table><\/figure>\n<\/div>\n<\/div>\n\n\n\n<p><\/p>\n","protected":false},"excerpt":{"rendered":"<p>A. Fern\u00e1ndez Canteli University of Oviedo Spain Ab\u00edlio M.P. de Jesus University of Porto Portugal Ad\u00e3o da Fonseca University of Porto Portugal Alain Nussbaumer Swiss Federal Institute of Technology in Lausanne Switzerland Aleksandar Sedmak University of Belgrade Serbia Alessio Pipinato Pipinato &amp; Partners, University of Padova Italy Andr\u00e9as Andersson KTH Royal Institute of Technology Sweden &hellip; <\/p>\n<p class=\"link-more\"><a href=\"https:\/\/fe.up.pt\/iras\/scientific-committee\/\" class=\"more-link\">Continue reading<span class=\"screen-reader-text\"> &#8220;Scientific Committee&#8221;<\/span><\/a><\/p>\n","protected":false},"author":1,"featured_media":0,"parent":0,"menu_order":0,"comment_status":"closed","ping_status":"closed","template":"","meta":{"footnotes":""},"class_list":["post-79","page","type-page","status-publish","hentry"],"_links":{"self":[{"href":"https:\/\/fe.up.pt\/iras\/wp-json\/wp\/v2\/pages\/79","targetHints":{"allow":["GET"]}}],"collection":[{"href":"https:\/\/fe.up.pt\/iras\/wp-json\/wp\/v2\/pages"}],"about":[{"href":"https:\/\/fe.up.pt\/iras\/wp-json\/wp\/v2\/types\/page"}],"author":[{"embeddable":true,"href":"https:\/\/fe.up.pt\/iras\/wp-json\/wp\/v2\/users\/1"}],"replies":[{"embeddable":true,"href":"https:\/\/fe.up.pt\/iras\/wp-json\/wp\/v2\/comments?post=79"}],"version-history":[{"count":6,"href":"https:\/\/fe.up.pt\/iras\/wp-json\/wp\/v2\/pages\/79\/revisions"}],"predecessor-version":[{"id":429,"href":"https:\/\/fe.up.pt\/iras\/wp-json\/wp\/v2\/pages\/79\/revisions\/429"}],"wp:attachment":[{"href":"https:\/\/fe.up.pt\/iras\/wp-json\/wp\/v2\/media?parent=79"}],"curies":[{"name":"wp","href":"https:\/\/api.w.org\/{rel}","templated":true}]}}