{"id":3468,"date":"2020-08-03T08:05:34","date_gmt":"2020-08-03T08:05:34","guid":{"rendered":"https:\/\/paginas.fe.up.pt\/~ipoint\/?page_id=3468"},"modified":"2024-07-18T15:42:05","modified_gmt":"2024-07-18T14:42:05","slug":"bem-estar","status":"publish","type":"page","link":"https:\/\/fe.up.pt\/ipoint\/bem-estar\/","title":{"rendered":"Bem-Estar"},"content":{"rendered":"<div class=\"fusion-fullwidth fullwidth-box fusion-builder-row-1 fusion-flex-container nonhundred-percent-fullwidth non-hundred-percent-height-scrolling\" style=\"background-color: rgba(255,255,255,0);background-position: center center;background-repeat: no-repeat;border-width: 0px 0px 0px 0px;border-color:#eae9e9;border-style:solid;\" ><div class=\"fusion-builder-row fusion-row fusion-flex-align-items-flex-start\" style=\"max-width:936px;margin-left: calc(-4% \/ 2 );margin-right: calc(-4% \/ 2 );\"><div class=\"fusion-layout-column fusion_builder_column fusion-builder-column-0 fusion_builder_column_2_3 2_3 fusion-flex-column\"><div class=\"fusion-column-wrapper fusion-flex-justify-content-flex-start fusion-content-layout-column\" style=\"background-position:left top;background-repeat:no-repeat;-webkit-background-size:cover;-moz-background-size:cover;-o-background-size:cover;background-size:cover;padding: 0px 0px 0px 0px;\"><div style=\"text-align:left;\"><span class=\" fusion-imageframe imageframe-none imageframe-1 hover-type-none\"><img decoding=\"async\" width=\"74\" image_height=\"85\" image_id=\"4581\" title=\"icon_bem-estar\" src=\"https:\/\/paginas.fe.up.pt\/~ipoint\/wp-content\/uploads\/2021\/01\/icon_bem-estar.png\" class=\"img-responsive wp-image-4581\"\/><\/span><\/div><style type=\"text\/css\">@media only screen and (max-width:1024px) {.fusion-title.fusion-title-1{margin-top:0px!important;margin-bottom:31px!important;}}@media only screen and (max-width:640px) {.fusion-title.fusion-title-1{margin-top:10px!important;margin-bottom:10px!important;}}<\/style><div class=\"fusion-title title fusion-title-1 fusion-sep-none fusion-title-text fusion-title-size-two\" style=\"margin-top:0px;margin-bottom:31px;\"><h2 class=\"title-heading-left\" style=\"margin:0;\">BEM ESTAR<\/h2><\/div><div class=\"fusion-text fusion-text-1\"><p>Durante toda a vida passas por v\u00e1rias fases de socializa\u00e7\u00e3o. Seja enquanto ser individual em que o processo se traduz num bem-estar social; seja enquanto membro de um grupo, sociedade ou organiza\u00e7\u00e3o em que o processo vai manter e sustentar o teu bem-estar.<\/p>\n<p>Os conceitos de cultura e de bem-estar que enfatizam diferentes dimens\u00f5es, est\u00e3o sempre em desenvolvimento, pois s\u00e3o influenciados pela forma de pensar a pr\u00f3pria evolu\u00e7\u00e3o do ser humano ao longo do tempo.<\/p>\n<p>A FEUP \u00e9 cada vez mais um espa\u00e7o onde essa evolu\u00e7\u00e3o acontece. Um espa\u00e7o intercultural, onde convivem diversas culturas.<\/p>\n<p>Em 2022\/2023 a FEUP contava com:<br \/>\n517 estudantes estrangeiros nos ciclos de estudos em licenciatura e mestrado de continuidade (ETI);<br \/>\n255 estudantes estrangeiros em mestrado independente(ETI);<br \/>\n378 estudantes estrangeiros no 3\u00ba Ciclo(ETI).<\/p>\n<p><img loading=\"lazy\" decoding=\"async\" class=\"\" src=\"https:\/\/fe.up.pt\/ipoint\/wp-content\/uploads\/2024\/07\/Mapa_Estudantes-Internacionais.jpg\" alt=\"\" width=\"645\" height=\"346\" \/><\/p>\n<p>A maior fra\u00e7\u00e3o dos estudantes internacionais s\u00e3o provenientes da Am\u00e9rica do Sul.<\/p>\n<p>A abordagem intercultural juntamente com o bem-estar hol\u00edstico reconhecem a complexidade que existe em cada um dos estudantes.<br \/>\nSe \u00e9s um estudante estrangeiro, estar em Portugal a estudar, pode ser um desafio interessante, mas pode tamb\u00e9m implicar um grau de press\u00e3o grande.<\/p>\n<p>Com a nossa abordagem mais abrangente beneficiar\u00e1s de um acompanhamento espec\u00edfico que tem em considera\u00e7\u00e3o as diferen\u00e7as decorrentes da interculturalidade e que promove uma saud\u00e1vel conviv\u00eancia entre todos.<\/p>\n<p>A abordagem do programa de bem-estar pretende incluir e aliar o bem-estar f\u00edsico, social, intelectual, espiritual, individual e profissional; porque acreditamos que umas dimens\u00f5es influenciam as outras.<\/p>\n<p>Queremos, por isso, olhar para ti (e sobretudo por ti) como um ser com diversas dimens\u00f5es, sob a perspetiva cultural, social e relacional integrativa que tenha em conta o processo dial\u00e9tico que liga o Eu e o Outro.<\/p>\n<p>Mais do que uma abordagem da mobilidade e diversidade dos grupos minorit\u00e1rios queremos afirmar esta interculturalidade como um recurso de capacita\u00e7\u00e3o e revaloriza\u00e7\u00e3o de identidades culturais e de cidadania, uma oportunidade de desenvolvimento individual, social e cultural\u2026 um processo de resili\u00eancia.<\/p>\n<p>Para que possas fortalecer as compet\u00eancias como ser individual que integra o grupo, para que tenhas consci\u00eancia dos teus direitos e deveres e para que possas enfrentar a diversidade, a alteridade, a mudan\u00e7a e cries o teu projeto de vida de forma positiva e participativa, explora todas as dimens\u00f5es de bem-estar que preparamos para ti.<\/p>\n<\/div><\/div><\/div><style type=\"text\/css\">.fusion-body .fusion-builder-column-0{width:66.666666666667% !important;margin-top : 0px;margin-bottom : 20px;}.fusion-builder-column-0 > .fusion-column-wrapper {padding-top : 0px !important;padding-right : 0px !important;margin-right : 2.88%;padding-bottom : 0px !important;padding-left : 0px !important;margin-left : 2.88%;}@media only screen and (max-width:1024px) {.fusion-body .fusion-builder-column-0{width:100% !important;order : 0;}.fusion-builder-column-0 > .fusion-column-wrapper {margin-right : 1.92%;margin-left : 1.92%;}}@media only screen and (max-width:640px) {.fusion-body .fusion-builder-column-0{width:100% !important;order : 0;}.fusion-builder-column-0 > .fusion-column-wrapper {margin-right : 1.92%;margin-left : 1.92%;}}<\/style><div class=\"fusion-layout-column fusion_builder_column fusion-builder-column-1 fusion_builder_column_1_3 1_3 fusion-flex-column\"><div class=\"fusion-column-wrapper fusion-flex-justify-content-flex-start fusion-content-layout-column\" style=\"background-position:left top;background-repeat:no-repeat;-webkit-background-size:cover;-moz-background-size:cover;-o-background-size:cover;background-size:cover;padding: 0px 0px 0px 0px;\"><\/div><\/div><style type=\"text\/css\">.fusion-body .fusion-builder-column-1{width:33.333333333333% !important;margin-top : 0px;margin-bottom : 20px;}.fusion-builder-column-1 > .fusion-column-wrapper {padding-top : 0px !important;padding-right : 0px !important;margin-right : 5.76%;padding-bottom : 0px !important;padding-left : 0px !important;margin-left : 5.76%;}@media only screen and (max-width:1024px) {.fusion-body .fusion-builder-column-1{width:100% !important;order : 0;}.fusion-builder-column-1 > .fusion-column-wrapper {margin-right : 1.92%;margin-left : 1.92%;}}@media only screen and (max-width:640px) {.fusion-body .fusion-builder-column-1{width:100% !important;order : 0;}.fusion-builder-column-1 > .fusion-column-wrapper {margin-right : 1.92%;margin-left : 1.92%;}}<\/style><\/div><style type=\"text\/css\">.fusion-body .fusion-flex-container.fusion-builder-row-1{ padding-top : 0px;margin-top : 80px;padding-right : 5%;padding-bottom : 0px;margin-bottom : 0px;padding-left : 5%;}<\/style><\/div>\n","protected":false},"excerpt":{"rendered":"","protected":false},"author":1,"featured_media":0,"parent":0,"menu_order":0,"comment_status":"closed","ping_status":"closed","template":"100-width.php","meta":{"footnotes":"","_wp_rev_ctl_limit":""},"acf":false,"_links":{"self":[{"href":"https:\/\/fe.up.pt\/ipoint\/wp-json\/wp\/v2\/pages\/3468"}],"collection":[{"href":"https:\/\/fe.up.pt\/ipoint\/wp-json\/wp\/v2\/pages"}],"about":[{"href":"https:\/\/fe.up.pt\/ipoint\/wp-json\/wp\/v2\/types\/page"}],"author":[{"embeddable":true,"href":"https:\/\/fe.up.pt\/ipoint\/wp-json\/wp\/v2\/users\/1"}],"replies":[{"embeddable":true,"href":"https:\/\/fe.up.pt\/ipoint\/wp-json\/wp\/v2\/comments?post=3468"}],"version-history":[{"count":0,"href":"https:\/\/fe.up.pt\/ipoint\/wp-json\/wp\/v2\/pages\/3468\/revisions"}],"wp:attachment":[{"href":"https:\/\/fe.up.pt\/ipoint\/wp-json\/wp\/v2\/media?parent=3468"}],"curies":[{"name":"wp","href":"https:\/\/api.w.org\/{rel}","templated":true}]}}