{"id":8300,"date":"2025-03-27T07:43:09","date_gmt":"2025-03-27T07:43:09","guid":{"rendered":"https:\/\/fe.up.pt\/feuplink\/?page_id=8300"},"modified":"2025-03-31T12:20:48","modified_gmt":"2025-03-31T11:20:48","slug":"rangel-case-study-competition","status":"publish","type":"page","link":"https:\/\/fe.up.pt\/feuplink\/rangel-case-study-competition\/","title":{"rendered":"Rangel Case Study Competition"},"content":{"rendered":"<div class=\"fusion-fullwidth fullwidth-box fusion-builder-row-1 fusion-flex-container nonhundred-percent-fullwidth non-hundred-percent-height-scrolling\" style=\"--awb-border-radius-top-left:0px;--awb-border-radius-top-right:0px;--awb-border-radius-bottom-right:0px;--awb-border-radius-bottom-left:0px;--awb-flex-wrap:wrap;\" ><div class=\"fusion-builder-row fusion-row fusion-flex-align-items-flex-start fusion-flex-content-wrap\" style=\"max-width:936px;margin-left: calc(-4% \/ 2 );margin-right: calc(-4% \/ 2 );\"><div class=\"fusion-layout-column fusion_builder_column fusion-builder-column-0 fusion_builder_column_1_1 1_1 fusion-flex-column\" style=\"--awb-bg-blend:overlay;--awb-bg-size:cover;--awb-width-large:100%;--awb-margin-top-large:0px;--awb-spacing-right-large:1.92%;--awb-margin-bottom-large:0px;--awb-spacing-left-large:1.92%;--awb-width-medium:100%;--awb-spacing-right-medium:1.92%;--awb-spacing-left-medium:1.92%;--awb-width-small:100%;--awb-spacing-right-small:1.92%;--awb-spacing-left-small:1.92%;\"><div class=\"fusion-column-wrapper fusion-flex-justify-content-flex-start fusion-content-layout-column\"><div class=\"fusion-text fusion-text-1\"><h1><strong>RANGEL Case Study Competition<\/strong><\/h1>\n<p>A Rangel vai proporcionar aos estudantes da FEUP a possibilidade de resolverem um case study e ganhar pr\u00e9mios em equipas de 3 ou 4 elementos.<br \/>Para al\u00e9m disso, ir\u00e1s ter a oportunidade de interagir com a Rangel ao longo do per\u00edodo para a resolu\u00e7\u00e3o do case study e, no final, um momento de networking presencial com a empresa na apresenta\u00e7\u00e3o dos casos.<\/p>\n<p><strong>PROGRAMA:<\/strong><\/p>\n<p><em><strong>22 abril<\/strong> | 12.30H<\/em> &#8211; Sess\u00e3o inicial na FEUP com apresenta\u00e7\u00e3o do caso por parte da Rangel (obrigat\u00f3rio)<\/p>\n<p><em><strong>24 abril<\/strong> | 17H<\/em> \u2013 Sess\u00e3o de esclarecimento de d\u00favidas, on-line com a empresa Rangel (opcional)<\/p>\n<p><em><strong>29 abril<\/strong> | 14.30H<\/em> \u2013 Sess\u00e3o final &#8211; apresenta\u00e7\u00e3o dos casos, escolha do vencedor e momento de networking (obrigat\u00f3rio)<\/p>\n<p>Inscreve-te j\u00e1 e n\u00e3o percas esta oportunidade \u00fanica!<\/p>\n<h3><strong><a href=\"https:\/\/forms.gle\/9q4gvueiCUYmTS1w9\">INSCRI\u00c7\u00d5ES Aqui<\/a><\/strong><\/h3>\n<\/div><\/div><\/div><\/div><\/div>\n","protected":false},"excerpt":{"rendered":"","protected":false},"author":1,"featured_media":8303,"parent":0,"menu_order":0,"comment_status":"closed","ping_status":"closed","template":"","meta":{"_acf_changed":false,"footnotes":""},"class_list":["post-8300","page","type-page","status-publish","has-post-thumbnail","hentry"],"acf":[],"_links":{"self":[{"href":"https:\/\/fe.up.pt\/feuplink\/wp-json\/wp\/v2\/pages\/8300","targetHints":{"allow":["GET"]}}],"collection":[{"href":"https:\/\/fe.up.pt\/feuplink\/wp-json\/wp\/v2\/pages"}],"about":[{"href":"https:\/\/fe.up.pt\/feuplink\/wp-json\/wp\/v2\/types\/page"}],"author":[{"embeddable":true,"href":"https:\/\/fe.up.pt\/feuplink\/wp-json\/wp\/v2\/users\/1"}],"replies":[{"embeddable":true,"href":"https:\/\/fe.up.pt\/feuplink\/wp-json\/wp\/v2\/comments?post=8300"}],"version-history":[{"count":5,"href":"https:\/\/fe.up.pt\/feuplink\/wp-json\/wp\/v2\/pages\/8300\/revisions"}],"predecessor-version":[{"id":8305,"href":"https:\/\/fe.up.pt\/feuplink\/wp-json\/wp\/v2\/pages\/8300\/revisions\/8305"}],"wp:featuredmedia":[{"embeddable":true,"href":"https:\/\/fe.up.pt\/feuplink\/wp-json\/wp\/v2\/media\/8303"}],"wp:attachment":[{"href":"https:\/\/fe.up.pt\/feuplink\/wp-json\/wp\/v2\/media?parent=8300"}],"curies":[{"name":"wp","href":"https:\/\/api.w.org\/{rel}","templated":true}]}}