{"id":4804,"date":"2022-07-14T14:38:45","date_gmt":"2022-07-14T13:38:45","guid":{"rendered":"https:\/\/fe.up.pt\/feuplink?page_id=4804"},"modified":"2026-04-09T11:29:20","modified_gmt":"2026-04-09T10:29:20","slug":"regresso-a-casa","status":"publish","type":"page","link":"https:\/\/fe.up.pt\/feuplink\/regresso-a-casa\/","title":{"rendered":"Regresso a casa"},"content":{"rendered":"<div class=\"fusion-fullwidth fullwidth-box fusion-builder-row-1 nonhundred-percent-fullwidth non-hundred-percent-height-scrolling\" style=\"--awb-background-position:left top;--awb-border-sizes-top:0px;--awb-border-sizes-bottom:0px;--awb-border-sizes-left:0px;--awb-border-sizes-right:0px;--awb-border-radius-top-left:0px;--awb-border-radius-top-right:0px;--awb-border-radius-bottom-right:0px;--awb-border-radius-bottom-left:0px;--awb-padding-top:20px;--awb-padding-bottom:20px;--awb-flex-wrap:wrap;\" ><div class=\"fusion-builder-row fusion-row\"><div class=\"fusion-layout-column fusion_builder_column fusion-builder-column-0 fusion_builder_column_1_1 1_1 fusion-one-full fusion-column-first fusion-column-last\" style=\"--awb-bg-size:cover;\"><div class=\"fusion-column-wrapper fusion-column-has-shadow fusion-flex-column-wrapper-legacy\"><div class=\"fusion-image-element fusion-image-align-center in-legacy-container\" style=\"text-align:center;--awb-margin-top:40px;--awb-margin-bottom:40px;--awb-caption-title-font-family:var(--h2_typography-font-family);--awb-caption-title-font-weight:var(--h2_typography-font-weight);--awb-caption-title-font-style:var(--h2_typography-font-style);--awb-caption-title-size:var(--h2_typography-font-size);--awb-caption-title-transform:var(--h2_typography-text-transform);--awb-caption-title-line-height:var(--h2_typography-line-height);--awb-caption-title-letter-spacing:var(--h2_typography-letter-spacing);\"><div class=\"imageframe-align-center\"><span class=\" fusion-imageframe imageframe-none imageframe-1 hover-type-none\"><img decoding=\"async\" width=\"67\" height=\"80\" title=\"icon_empreendorismo\" src=\"data:image\/svg+xml,%3Csvg%20xmlns%3D%27http%3A%2F%2Fwww.w3.org%2F2000%2Fsvg%27%20width%3D%2767%27%20height%3D%2780%27%20viewBox%3D%270%200%2067%2080%27%3E%3Crect%20width%3D%2767%27%20height%3D%2780%27%20fill-opacity%3D%220%22%2F%3E%3C%2Fsvg%3E\" data-orig-src=\"https:\/\/fe.up.pt\/feuplink\/wp-content\/uploads\/2023\/10\/icon_empreendorismo.png\" alt class=\"lazyload img-responsive wp-image-5507\"\/><\/span><\/div><\/div><div class=\"fusion-title title fusion-title-1 fusion-sep-none fusion-title-center fusion-title-text fusion-title-size-two\"><h2 class=\"fusion-title-heading title-heading-center fusion-responsive-typography-calculated\" style=\"margin:0;--fontSize:20;--minFontSize:20;line-height:1.69;\">Regresso a casa<\/h2><\/div><div class=\"fusion-text fusion-text-1\"><div class=\"fusion-text fusion-text-2\">\n<p>O evento <strong>Regresso a Casa\u00a0<\/strong>\u00e9 direcionado em primeiro lugar aos alumni (antigos estudantes) da FEUP, para quem a FEUP ser\u00e1 para sempre a casa de partida. Pretende-se que esta seja tamb\u00e9m a casa de retorno para reverem antigos colegas e docentes que marcaram a sua vida estudantil e que o ajudaram quando precisou.<\/p>\n<p>Todos os atuais e antigos membros da comunidade FEUP, desde estudantes a colaboradores, s\u00e3o tamb\u00e9m bem-vindos a este evento que \u00e9 aberto \u00e0s fam\u00edlias.<\/p>\n<p>Esperam-te momentos de conv\u00edvio e <em>networking<\/em> incompar\u00e1veis, com muita anima\u00e7\u00e3o \u00e0 mistura!<\/p>\n<p>Este ano, o evento ser\u00e1 no dia 19 de setembro!<\/p>\n<\/div>\n<\/div><div class=\"fusion-aligncenter\"><a class=\"fusion-button button-flat fusion-button-default-size button-default fusion-button-default button-1 fusion-button-default-span fusion-button-default-type fusion-no-medium-visibility\" target=\"_self\" href=\"https:\/\/fe.up.pt\/feuplink\/regresso-a-casa-2025\/\"><span class=\"fusion-button-text\">Inscreve-te j\u00e1!<\/span><\/a><\/div><div class=\"fusion-text fusion-text-2\"><p>\u00a0<\/p>\n<p>\u00a0<\/p>\n<p>\u00a0<\/p>\n<p>\u00a0<\/p>\n<\/div><div class=\"fusion-image-element fusion-image-align-center in-legacy-container\" style=\"text-align:center;--awb-caption-title-font-family:var(--h2_typography-font-family);--awb-caption-title-font-weight:var(--h2_typography-font-weight);--awb-caption-title-font-style:var(--h2_typography-font-style);--awb-caption-title-size:var(--h2_typography-font-size);--awb-caption-title-transform:var(--h2_typography-text-transform);--awb-caption-title-line-height:var(--h2_typography-line-height);--awb-caption-title-letter-spacing:var(--h2_typography-letter-spacing);\"><div class=\"imageframe-align-center\"><span class=\" fusion-imageframe imageframe-none imageframe-2 hover-type-none\"><img decoding=\"async\" width=\"700\" height=\"276\" title=\"foto-RAC\" src=\"https:\/\/fe.up.pt\/feuplink\/wp-content\/uploads\/2023\/10\/foto-RAC.jpg\" data-orig-src=\"https:\/\/fe.up.pt\/feuplink\/wp-content\/uploads\/2023\/10\/foto-RAC.jpg\" alt class=\"lazyload img-responsive wp-image-5568\" srcset=\"data:image\/svg+xml,%3Csvg%20xmlns%3D%27http%3A%2F%2Fwww.w3.org%2F2000%2Fsvg%27%20width%3D%27700%27%20height%3D%27276%27%20viewBox%3D%270%200%20700%20276%27%3E%3Crect%20width%3D%27700%27%20height%3D%27276%27%20fill-opacity%3D%220%22%2F%3E%3C%2Fsvg%3E\" data-srcset=\"https:\/\/fe.up.pt\/feuplink\/wp-content\/uploads\/2023\/10\/foto-RAC-200x79.jpg 200w, https:\/\/fe.up.pt\/feuplink\/wp-content\/uploads\/2023\/10\/foto-RAC-400x158.jpg 400w, https:\/\/fe.up.pt\/feuplink\/wp-content\/uploads\/2023\/10\/foto-RAC-600x237.jpg 600w, https:\/\/fe.up.pt\/feuplink\/wp-content\/uploads\/2023\/10\/foto-RAC.jpg 700w\" data-sizes=\"auto\" data-orig-sizes=\"(max-width: 800px) 100vw, 700px\" \/><\/span><\/div><\/div><div class=\"fusion-clearfix\"><\/div><\/div><\/div><\/div><\/div>\n","protected":false},"excerpt":{"rendered":"","protected":false},"author":1,"featured_media":0,"parent":0,"menu_order":0,"comment_status":"closed","ping_status":"closed","template":"100-width.php","meta":{"_acf_changed":false,"footnotes":""},"class_list":["post-4804","page","type-page","status-publish","hentry"],"acf":[],"_links":{"self":[{"href":"https:\/\/fe.up.pt\/feuplink\/wp-json\/wp\/v2\/pages\/4804","targetHints":{"allow":["GET"]}}],"collection":[{"href":"https:\/\/fe.up.pt\/feuplink\/wp-json\/wp\/v2\/pages"}],"about":[{"href":"https:\/\/fe.up.pt\/feuplink\/wp-json\/wp\/v2\/types\/page"}],"author":[{"embeddable":true,"href":"https:\/\/fe.up.pt\/feuplink\/wp-json\/wp\/v2\/users\/1"}],"replies":[{"embeddable":true,"href":"https:\/\/fe.up.pt\/feuplink\/wp-json\/wp\/v2\/comments?post=4804"}],"version-history":[{"count":8,"href":"https:\/\/fe.up.pt\/feuplink\/wp-json\/wp\/v2\/pages\/4804\/revisions"}],"predecessor-version":[{"id":8820,"href":"https:\/\/fe.up.pt\/feuplink\/wp-json\/wp\/v2\/pages\/4804\/revisions\/8820"}],"wp:attachment":[{"href":"https:\/\/fe.up.pt\/feuplink\/wp-json\/wp\/v2\/media?parent=4804"}],"curies":[{"name":"wp","href":"https:\/\/api.w.org\/{rel}","templated":true}]}}