{"id":4803,"date":"2022-07-14T14:38:21","date_gmt":"2022-07-14T13:38:21","guid":{"rendered":"https:\/\/fe.up.pt\/feuplink?page_id=4803"},"modified":"2023-11-23T13:02:21","modified_gmt":"2023-11-23T13:02:21","slug":"encontros-alumni","status":"publish","type":"page","link":"https:\/\/fe.up.pt\/feuplink\/encontros-alumni\/","title":{"rendered":"Encontros Alumni"},"content":{"rendered":"<div class=\"fusion-fullwidth fullwidth-box fusion-builder-row-1 nonhundred-percent-fullwidth non-hundred-percent-height-scrolling\" style=\"--awb-background-position:left top;--awb-border-sizes-top:0px;--awb-border-sizes-bottom:0px;--awb-border-sizes-left:0px;--awb-border-sizes-right:0px;--awb-border-radius-top-left:0px;--awb-border-radius-top-right:0px;--awb-border-radius-bottom-right:0px;--awb-border-radius-bottom-left:0px;--awb-padding-top:20px;--awb-padding-bottom:20px;--awb-flex-wrap:wrap;\" ><div class=\"fusion-builder-row fusion-row\"><div class=\"fusion-layout-column fusion_builder_column fusion-builder-column-0 fusion_builder_column_1_1 1_1 fusion-one-full fusion-column-first fusion-column-last\" style=\"--awb-bg-size:cover;\"><div class=\"fusion-column-wrapper fusion-column-has-shadow fusion-flex-column-wrapper-legacy\"><div class=\"fusion-image-element fusion-image-align-center in-legacy-container\" style=\"text-align:center;--awb-margin-top:40px;--awb-margin-bottom:40px;--awb-caption-title-font-family:var(--h2_typography-font-family);--awb-caption-title-font-weight:var(--h2_typography-font-weight);--awb-caption-title-font-style:var(--h2_typography-font-style);--awb-caption-title-size:var(--h2_typography-font-size);--awb-caption-title-transform:var(--h2_typography-text-transform);--awb-caption-title-line-height:var(--h2_typography-line-height);--awb-caption-title-letter-spacing:var(--h2_typography-letter-spacing);\"><div class=\"imageframe-align-center\"><span class=\" fusion-imageframe imageframe-none imageframe-1 hover-type-none\"><img decoding=\"async\" width=\"97\" height=\"76\" title=\"icon_eventos\" src=\"data:image\/svg+xml,%3Csvg%20xmlns%3D%27http%3A%2F%2Fwww.w3.org%2F2000%2Fsvg%27%20width%3D%2797%27%20height%3D%2776%27%20viewBox%3D%270%200%2097%2076%27%3E%3Crect%20width%3D%2797%27%20height%3D%2776%27%20fill-opacity%3D%220%22%2F%3E%3C%2Fsvg%3E\" data-orig-src=\"https:\/\/fe.up.pt\/feuplink\/wp-content\/uploads\/2021\/01\/icon_eventos.png\" alt class=\"lazyload img-responsive wp-image-4612\"\/><\/span><\/div><\/div><div class=\"fusion-title title fusion-title-1 fusion-sep-none fusion-title-center fusion-title-text fusion-title-size-two\"><h2 class=\"fusion-title-heading title-heading-center fusion-responsive-typography-calculated\" style=\"margin:0;--fontSize:20;--minFontSize:20;line-height:1.69;\">Encontros Alumni<\/h2><\/div><div class=\"fusion-text fusion-text-1\"><div class=\"fusion-text fusion-text-1\">\n<p>Os encontros alumni s\u00e3o momentos de conv\u00edvio, <em>networking <\/em>e intera\u00e7\u00e3o com antigos colegas, docentes e diretores de curso ou departamento. S\u00e3o tamb\u00e9m uma excelente plataforma de\u00a0 partilha geracional e inter-geracional a n\u00edvel social, acad\u00e9mico e empresarial. Estas iniciativas proporcionam a troca de experi\u00eancias entre alumni FEUP e permitem alargar a rede de conhecimentos, desenvolvendo assim as rela\u00e7\u00f5es profissionais.<\/p>\n<p>J\u00e1 foram realizados quase 130 <a href=\"https:\/\/sigarra.up.pt\/feup\/pt\/web_base.gera_pagina?P_pagina=31503\" target=\"_blank\" rel=\"noopener noreferrer\">Encontros Alumni<\/a>, um pouco por todo o mundo, com car\u00e1ter social, formativo, desportivo e profissional.<\/p>\n<p>Estes momentos podem partir da iniciativa institucional da FEUP, de um departamento, curso, associa\u00e7\u00e3o, ou alumnus que, individualmente, pretenda dinamizar um evento desta natureza.<\/p>\n<p>Aceda \u00e0 descri\u00e7\u00e3o dos <a href=\"https:\/\/sigarra.up.pt\/feup\/pt\/web_base.gera_pagina?P_pagina=31503\" target=\"_blank\" rel=\"noopener noreferrer\">encontros alumni\u00a0 <\/a>realizados at\u00e9 \u00e0 data e respetivos participantes, assim como ao <a href=\"http:\/\/www.flickr.com\/photos\/100991133@N03\/\" target=\"_blank\" rel=\"noopener noreferrer\">registo fotogr\u00e1fico\u00a0 <\/a>destes eventos.<\/p>\n<\/div>\n<\/div><div class=\"fusion-image-element fusion-image-align-center in-legacy-container\" style=\"text-align:center;--awb-caption-title-font-family:var(--h2_typography-font-family);--awb-caption-title-font-weight:var(--h2_typography-font-weight);--awb-caption-title-font-style:var(--h2_typography-font-style);--awb-caption-title-size:var(--h2_typography-font-size);--awb-caption-title-transform:var(--h2_typography-text-transform);--awb-caption-title-line-height:var(--h2_typography-line-height);--awb-caption-title-letter-spacing:var(--h2_typography-letter-spacing);\"><div class=\"imageframe-align-center\"><span class=\" fusion-imageframe imageframe-none imageframe-2 hover-type-none\"><img decoding=\"async\" width=\"726\" height=\"320\" title=\"foto-site_-encontros\" src=\"https:\/\/fe.up.pt\/feuplink\/wp-content\/uploads\/2023\/10\/foto-site_-encontros.jpg\" data-orig-src=\"https:\/\/fe.up.pt\/feuplink\/wp-content\/uploads\/2023\/10\/foto-site_-encontros.jpg\" alt class=\"lazyload img-responsive wp-image-5565\" srcset=\"data:image\/svg+xml,%3Csvg%20xmlns%3D%27http%3A%2F%2Fwww.w3.org%2F2000%2Fsvg%27%20width%3D%27726%27%20height%3D%27320%27%20viewBox%3D%270%200%20726%20320%27%3E%3Crect%20width%3D%27726%27%20height%3D%27320%27%20fill-opacity%3D%220%22%2F%3E%3C%2Fsvg%3E\" data-srcset=\"https:\/\/fe.up.pt\/feuplink\/wp-content\/uploads\/2023\/10\/foto-site_-encontros-200x88.jpg 200w, https:\/\/fe.up.pt\/feuplink\/wp-content\/uploads\/2023\/10\/foto-site_-encontros-400x176.jpg 400w, https:\/\/fe.up.pt\/feuplink\/wp-content\/uploads\/2023\/10\/foto-site_-encontros-600x264.jpg 600w, https:\/\/fe.up.pt\/feuplink\/wp-content\/uploads\/2023\/10\/foto-site_-encontros.jpg 726w\" data-sizes=\"auto\" data-orig-sizes=\"(max-width: 800px) 100vw, 726px\" \/><\/span><\/div><\/div><div class=\"fusion-clearfix\"><\/div><\/div><\/div><\/div><\/div>\n","protected":false},"excerpt":{"rendered":"","protected":false},"author":1,"featured_media":0,"parent":0,"menu_order":0,"comment_status":"closed","ping_status":"closed","template":"100-width.php","meta":{"_acf_changed":false,"footnotes":""},"class_list":["post-4803","page","type-page","status-publish","hentry"],"acf":[],"_links":{"self":[{"href":"https:\/\/fe.up.pt\/feuplink\/wp-json\/wp\/v2\/pages\/4803","targetHints":{"allow":["GET"]}}],"collection":[{"href":"https:\/\/fe.up.pt\/feuplink\/wp-json\/wp\/v2\/pages"}],"about":[{"href":"https:\/\/fe.up.pt\/feuplink\/wp-json\/wp\/v2\/types\/page"}],"author":[{"embeddable":true,"href":"https:\/\/fe.up.pt\/feuplink\/wp-json\/wp\/v2\/users\/1"}],"replies":[{"embeddable":true,"href":"https:\/\/fe.up.pt\/feuplink\/wp-json\/wp\/v2\/comments?post=4803"}],"version-history":[{"count":1,"href":"https:\/\/fe.up.pt\/feuplink\/wp-json\/wp\/v2\/pages\/4803\/revisions"}],"predecessor-version":[{"id":7262,"href":"https:\/\/fe.up.pt\/feuplink\/wp-json\/wp\/v2\/pages\/4803\/revisions\/7262"}],"wp:attachment":[{"href":"https:\/\/fe.up.pt\/feuplink\/wp-json\/wp\/v2\/media?parent=4803"}],"curies":[{"name":"wp","href":"https:\/\/api.w.org\/{rel}","templated":true}]}}