{"id":3235,"date":"2020-03-19T16:03:27","date_gmt":"2020-03-19T16:03:27","guid":{"rendered":"https:\/\/paginas.fe.up.pt\/~estudar\/?page_id=3235"},"modified":"2022-01-04T16:49:40","modified_gmt":"2022-01-04T16:49:40","slug":"bolsas-e-incentivos","status":"publish","type":"page","link":"https:\/\/fe.up.pt\/estudar\/cursos-2\/bolsas-e-incentivos\/","title":{"rendered":"BOLSAS E INCENTIVOS"},"content":{"rendered":"<p><div class=\"fusion-fullwidth fullwidth-box fusion-builder-row-1 fusion-flex-container nonhundred-percent-fullwidth non-hundred-percent-height-scrolling\" style=\"--awb-border-radius-top-left:0px;--awb-border-radius-top-right:0px;--awb-border-radius-bottom-right:0px;--awb-border-radius-bottom-left:0px;--awb-margin-top:40px;--awb-margin-bottom:0px;--awb-flex-wrap:wrap;\" ><div class=\"fusion-builder-row fusion-row fusion-flex-align-items-flex-start fusion-flex-justify-content-center fusion-flex-content-wrap\" style=\"max-width:1248px;margin-left: calc(-4% \/ 2 );margin-right: calc(-4% \/ 2 );\"><div class=\"fusion-layout-column fusion_builder_column fusion-builder-column-0 fusion_builder_column_1_6 1_6 fusion-flex-column\" style=\"--awb-bg-size:cover;--awb-width-large:16.666666666667%;--awb-margin-top-large:0px;--awb-spacing-right-large:11.52%;--awb-margin-bottom-large:20px;--awb-spacing-left-large:3.333333333333333px;--awb-width-medium:100%;--awb-spacing-right-medium:1.92%;--awb-spacing-left-medium:1.92%;--awb-width-small:100%;--awb-spacing-right-small:1.92%;--awb-spacing-left-small:1.92%;\"><div class=\"fusion-column-wrapper fusion-column-has-shadow fusion-flex-justify-content-center fusion-content-layout-column\"><\/div><\/div><div class=\"fusion-layout-column fusion_builder_column fusion-builder-column-1 fusion_builder_column_2_3 2_3 fusion-flex-column\" style=\"--awb-padding-right:5%;--awb-padding-left:5%;--awb-bg-size:cover;--awb-width-large:66.666666666667%;--awb-margin-top-large:0px;--awb-spacing-right-large:6.666666666666666px;--awb-margin-bottom-large:20px;--awb-spacing-left-large:2.88%;--awb-width-medium:100%;--awb-spacing-right-medium:1.92%;--awb-spacing-left-medium:1.92%;--awb-width-small:100%;--awb-spacing-right-small:1.92%;--awb-spacing-left-small:1.92%;\"><div class=\"fusion-column-wrapper fusion-column-has-shadow fusion-flex-justify-content-center fusion-content-layout-column\"><div class=\"fusion-title title fusion-title-1 fusion-sep-none fusion-title-center fusion-title-text fusion-title-size-two\" style=\"--awb-text-color:#8b2d19;\"><h2 class=\"fusion-title-heading title-heading-center fusion-responsive-typography-calculated\" style=\"margin:0;--fontSize:40;line-height:1.2;\">BOLSAS E INCENTIVOS<\/h2><\/div><\/div><\/div><div class=\"fusion-layout-column fusion_builder_column fusion-builder-column-2 fusion_builder_column_1_6 1_6 fusion-flex-column\" style=\"--awb-bg-size:cover;--awb-width-large:16.666666666667%;--awb-margin-top-large:0px;--awb-spacing-right-large:11.52%;--awb-margin-bottom-large:20px;--awb-spacing-left-large:3.333333333333333px;--awb-width-medium:100%;--awb-spacing-right-medium:1.92%;--awb-spacing-left-medium:1.92%;--awb-width-small:100%;--awb-spacing-right-small:1.92%;--awb-spacing-left-small:1.92%;\"><div class=\"fusion-column-wrapper fusion-column-has-shadow fusion-flex-justify-content-center fusion-content-layout-column\"><\/div><\/div><\/div><\/div>\n<div class=\"fusion-fullwidth fullwidth-box fusion-builder-row-2 nonhundred-percent-fullwidth non-hundred-percent-height-scrolling fusion-equal-height-columns\" style=\"--awb-border-radius-top-left:0px;--awb-border-radius-top-right:0px;--awb-border-radius-bottom-right:0px;--awb-border-radius-bottom-left:0px;--awb-margin-top:20px;--awb-flex-wrap:wrap;\" ><div class=\"fusion-builder-row fusion-row\"><div class=\"fusion-layout-column fusion_builder_column fusion-builder-column-3 fusion_builder_column_1_6 1_6 fusion-one-sixth fusion-column-first\" style=\"--awb-bg-size:cover;width:16.666666666667%;width:calc(16.666666666667% - ( ( 10px + 10px ) * 0.16666666666667 ) );margin-right: 10px;\"><div class=\"fusion-column-wrapper fusion-column-has-shadow fusion-flex-column-wrapper-legacy\"><div class=\"fusion-column-content-centered\"><div class=\"fusion-column-content\"><\/div><\/div><div class=\"fusion-clearfix\"><\/div><\/div><\/div><div class=\"fusion-layout-column fusion_builder_column fusion-builder-column-4 fusion_builder_column_2_3 2_3 fusion-two-third\" style=\"--awb-padding-right:5%;--awb-padding-left:5%;--awb-bg-size:cover;width:66.666666666667%;width:calc(66.666666666667% - ( ( 10px + 10px ) * 0.66666666666667 ) );margin-right: 10px;\"><div class=\"fusion-column-wrapper fusion-column-has-shadow fusion-flex-column-wrapper-legacy\"><div class=\"fusion-column-content-centered\"><div class=\"fusion-column-content\"><div class=\"fusion-text fusion-text-1\"><p style=\"text-align: left;\">A Universidade do Porto e a FEUP em particular promovem e\/ou patrocinam um conjunto alargado de apoios financeiros aos seus estudantes, de modo a assegurar a igualdade de oportunidades no acesso aos seus cursos e de premiar o m\u00e9rito daqueles que se destacam pelos seus resultados acad\u00e9micos. As oportunidades existem para estudantes nacionais e internacionais, e est\u00e3o elencadas no <a href=\"https:\/\/sigarra.up.pt\/feup\/pt\/web_base.gera_pagina?P_pagina=242366\" target=\"_blank\" rel=\"noopener\">website da FEUP<\/a>.<\/p>\n<\/div><\/div><\/div><div class=\"fusion-clearfix\"><\/div><\/div><\/div><div class=\"fusion-layout-column fusion_builder_column fusion-builder-column-5 fusion_builder_column_1_6 1_6 fusion-one-sixth fusion-column-last\" style=\"--awb-bg-size:cover;width:16.666666666667%;width:calc(16.666666666667% - ( ( 10px + 10px ) * 0.16666666666667 ) );\"><div class=\"fusion-column-wrapper fusion-column-has-shadow fusion-flex-column-wrapper-legacy\"><div class=\"fusion-column-content-centered\"><div class=\"fusion-column-content\"><\/div><\/div><div class=\"fusion-clearfix\"><\/div><\/div><\/div><\/div><\/div><div id=\"sobre-curso\" class=\"fusion-container-anchor\"><div class=\"fusion-fullwidth fullwidth-box fusion-builder-row-3 fusion-parallax-none nonhundred-percent-fullwidth non-hundred-percent-height-scrolling lazyload\" style=\"--awb-background-position:right bottom;--awb-border-radius-top-left:0px;--awb-border-radius-top-right:0px;--awb-border-radius-bottom-right:0px;--awb-border-radius-bottom-left:0px;--awb-margin-top:40px;--awb-margin-bottom:0px;--awb-background-size:cover;--awb-flex-wrap:wrap;\" data-bg=\"https:\/\/fe.up.pt\/estudar\/wp-content\/uploads\/2020\/07\/area_inclinada_cinzenta_topo.png\" ><div class=\"fusion-builder-row fusion-row\"><div class=\"fusion-layout-column fusion_builder_column fusion-builder-column-6 fusion_builder_column_1_1 1_1 fusion-one-full fusion-column-first fusion-column-last\" style=\"--awb-bg-size:cover;--awb-margin-bottom:0px;\"><div class=\"fusion-column-wrapper fusion-column-has-shadow fusion-flex-column-wrapper-legacy\"><div class=\"fusion-sep-clear\"><\/div><div class=\"fusion-separator fusion-full-width-sep\" style=\"margin-left: auto;margin-right: auto;margin-top:46px;margin-bottom:46px;width:100%;\"><\/div><div class=\"fusion-sep-clear\"><\/div><div class=\"fusion-clearfix\"><\/div><\/div><\/div><\/div><\/div><\/div><div class=\"fusion-fullwidth fullwidth-box fusion-builder-row-4 nonhundred-percent-fullwidth non-hundred-percent-height-scrolling\" style=\"--awb-border-radius-top-left:0px;--awb-border-radius-top-right:0px;--awb-border-radius-bottom-right:0px;--awb-border-radius-bottom-left:0px;--awb-background-color:#eaeaea;--awb-flex-wrap:wrap;\" ><div class=\"fusion-builder-row fusion-row\"><div class=\"fusion-layout-column fusion_builder_column fusion-builder-column-7 fusion_builder_column_1_6 1_6 fusion-one-sixth fusion-column-first\" style=\"--awb-bg-size:cover;width:16.666666666667%;width:calc(16.666666666667% - ( ( 4% + 4% ) * 0.16666666666667 ) );margin-right: 4%;\"><div class=\"fusion-column-wrapper fusion-column-has-shadow fusion-flex-column-wrapper-legacy\"><div class=\"fusion-clearfix\"><\/div><\/div><\/div><div class=\"fusion-layout-column fusion_builder_column fusion-builder-column-8 fusion_builder_column_2_3 2_3 fusion-two-third\" style=\"--awb-bg-size:cover;width:66.666666666667%;width:calc(66.666666666667% - ( ( 4% + 4% ) * 0.66666666666667 ) );margin-right: 4%;\"><div class=\"fusion-column-wrapper fusion-column-has-shadow fusion-flex-column-wrapper-legacy\"><div class=\"fusion-sep-clear\"><\/div><div class=\"fusion-separator fusion-full-width-sep\" style=\"margin-left: auto;margin-right: auto;margin-top:20px;margin-bottom:20px;width:100%;\"><\/div><div class=\"fusion-sep-clear\"><\/div><div class=\"fusion-image-element fusion-image-align-center in-legacy-container\" style=\"text-align:center;--awb-caption-title-font-family:var(--h2_typography-font-family);--awb-caption-title-font-weight:var(--h2_typography-font-weight);--awb-caption-title-font-style:var(--h2_typography-font-style);--awb-caption-title-size:var(--h2_typography-font-size);--awb-caption-title-transform:var(--h2_typography-text-transform);--awb-caption-title-line-height:var(--h2_typography-line-height);--awb-caption-title-letter-spacing:var(--h2_typography-letter-spacing);\"><div class=\"imageframe-align-center\"><span class=\" fusion-imageframe imageframe-none imageframe-1 hover-type-none\"><img decoding=\"async\" width=\"52\" height=\"83\" title=\"pin_map\" src=\"data:image\/svg+xml,%3Csvg%20xmlns%3D%27http%3A%2F%2Fwww.w3.org%2F2000%2Fsvg%27%20width%3D%2752%27%20height%3D%2783%27%20viewBox%3D%270%200%2052%2083%27%3E%3Crect%20width%3D%2752%27%20height%3D%2783%27%20fill-opacity%3D%220%22%2F%3E%3C%2Fsvg%3E\" data-orig-src=\"https:\/\/fe.up.pt\/estudar\/wp-content\/uploads\/2020\/08\/pin_map.png\" alt class=\"lazyload img-responsive wp-image-4024\"\/><\/span><\/div><\/div><div class=\"fusion-sep-clear\"><\/div><div class=\"fusion-separator fusion-full-width-sep\" style=\"margin-left: auto;margin-right: auto;margin-top:20px;margin-bottom:20px;width:100%;\"><\/div><div class=\"fusion-sep-clear\"><\/div><div class=\"fusion-text fusion-text-2\"><p>Existe ainda a oportunidade de obter bolsas de estudo e de investiga\u00e7\u00e3o atribu\u00eddas por institui\u00e7\u00f5es externas, entidades governamentais, ou institui\u00e7\u00f5es parceiras da Universidade por via da celebra\u00e7\u00e3o de acordos e cons\u00f3rcios nacionais e internacionais.<\/p>\n<p>Os destinat\u00e1rios destes apoios incluem, por exemplo, os estudantes oriundos de Pa\u00edses Africanos de L\u00edngua Oficial Portuguesa (PALOP), com base nos la\u00e7os hist\u00f3ricos que unem Portugal a Angola, Guin\u00e9-Bissau, Cabo Verde, S\u00e3o Tom\u00e9 e Pr\u00edncipe e Mo\u00e7ambique.<\/p>\n<p>Entre as institui\u00e7\u00f5es que prestam este tipo de apoios incluem-se o\u00a0<a href=\"http:\/\/www.secomunidades.pt\/web\/guest\/PostosConsulares\" target=\"_blank\" rel=\"noopener\">Portal das Comunidades Portuguesas<\/a>, o\u00a0<a href=\"http:\/\/www.instituto-camoes.pt\/\" target=\"_blank\" rel=\"noopener\">Instituto Cam\u00f5es<\/a>, a\u00a0<a href=\"http:\/\/www.fct.pt\/apoios\/bolsas\/\" target=\"_blank\" rel=\"noopener\">Funda\u00e7\u00e3o para a Ci\u00eancia e a Tecnologia<\/a>\u00a0(FCT), o programa\u00a0<a href=\"http:\/\/www.santander.com\/csgs\/Satellite\/CFWCSancomQP01\/pt_PT\/Corporativo\/Sustentabilidade\/Santander-Universidades-\/Bolsas-Santander.html\" target=\"_blank\" rel=\"noopener\">Santander Universidades<\/a>, a\u00a0<a href=\"http:\/\/www.gulbenkian.pt\/Institucional\/pt\/Apoios\/BolsasGulbenkian\" target=\"_blank\" rel=\"noopener\">Funda\u00e7\u00e3o Calouste Gulbenkian<\/a>, a\u00a0<a href=\"http:\/\/ind.millenniumbcp.pt\/pt\/Institucional\/fundacao\/Pages\/fundacao_bolsas.aspx\" target=\"_blank\" rel=\"noopener\">Funda\u00e7\u00e3o Millenium BCP<\/a>, ou os programas\u00a0<a href=\"http:\/\/www.utaustinportugal.org\/\" target=\"_blank\" rel=\"noopener\">UT Austin Portugal<\/a>,\u00a0<a href=\"http:\/\/www.cmuportugal.org\/\" target=\"_blank\" rel=\"noopener\">CMU Portugal<\/a>\u00a0e\u00a0<a href=\"http:\/\/www.mitportugal.org\/\" target=\"_blank\" rel=\"noopener\">MIT Portugal<\/a>.<\/p>\n<\/div><div class=\"fusion-sep-clear\"><\/div><div class=\"fusion-separator fusion-full-width-sep\" style=\"margin-left: auto;margin-right: auto;margin-top:20px;margin-bottom:20px;width:100%;\"><\/div><div class=\"fusion-sep-clear\"><\/div><div class=\"fusion-sep-clear\"><\/div><div class=\"fusion-separator fusion-full-width-sep\" style=\"margin-left: auto;margin-right: auto;margin-top:20px;margin-bottom:20px;width:100%;\"><\/div><div class=\"fusion-sep-clear\"><\/div><div class=\"fusion-clearfix\"><\/div><\/div><\/div><div class=\"fusion-layout-column fusion_builder_column fusion-builder-column-9 fusion_builder_column_1_6 1_6 fusion-one-sixth fusion-column-last\" style=\"--awb-bg-size:cover;width:16.666666666667%;width:calc(16.666666666667% - ( ( 4% + 4% ) * 0.16666666666667 ) );\"><div class=\"fusion-column-wrapper fusion-column-has-shadow fusion-flex-column-wrapper-legacy\"><div class=\"fusion-clearfix\"><\/div><\/div><\/div><\/div><\/div><div id=\"sobre-curso\" class=\"fusion-container-anchor\"><div class=\"fusion-fullwidth fullwidth-box fusion-builder-row-5 fusion-parallax-none nonhundred-percent-fullwidth non-hundred-percent-height-scrolling lazyload\" style=\"--awb-background-position:right bottom;--awb-border-radius-top-left:0px;--awb-border-radius-top-right:0px;--awb-border-radius-bottom-right:0px;--awb-border-radius-bottom-left:0px;--awb-margin-top:0px;--awb-margin-bottom:40px;--awb-background-size:cover;--awb-flex-wrap:wrap;\" data-bg=\"https:\/\/fe.up.pt\/estudar\/wp-content\/uploads\/2020\/07\/area_inclinada_cinzenta_base.png\" ><div class=\"fusion-builder-row fusion-row\"><div class=\"fusion-layout-column fusion_builder_column fusion-builder-column-10 fusion_builder_column_1_1 1_1 fusion-one-full fusion-column-first fusion-column-last\" style=\"--awb-bg-size:cover;--awb-margin-bottom:0px;\"><div class=\"fusion-column-wrapper fusion-column-has-shadow fusion-flex-column-wrapper-legacy\"><div class=\"fusion-sep-clear\"><\/div><div class=\"fusion-separator fusion-full-width-sep\" style=\"margin-left: auto;margin-right: auto;margin-top:46px;margin-bottom:46px;width:100%;\"><\/div><div class=\"fusion-sep-clear\"><\/div><div class=\"fusion-clearfix\"><\/div><\/div><\/div><\/div><\/div><\/div><div class=\"fusion-fullwidth fullwidth-box fusion-builder-row-6 fusion-flex-container nonhundred-percent-fullwidth non-hundred-percent-height-scrolling\" style=\"--awb-border-radius-top-left:0px;--awb-border-radius-top-right:0px;--awb-border-radius-bottom-right:0px;--awb-border-radius-bottom-left:0px;--awb-padding-right:20%;--awb-padding-left:20%;--awb-flex-wrap:wrap;\" ><div class=\"fusion-builder-row fusion-row fusion-flex-align-items-flex-start fusion-flex-justify-content-center fusion-flex-content-wrap\" style=\"max-width:1248px;margin-left: calc(-4% \/ 2 );margin-right: calc(-4% \/ 2 );\"><div class=\"fusion-layout-column fusion_builder_column fusion-builder-column-11 fusion_builder_column_1_1 1_1 fusion-flex-column\" style=\"--awb-bg-size:cover;--awb-width-large:100%;--awb-margin-top-large:40px;--awb-spacing-right-large:1.92%;--awb-margin-bottom-large:20px;--awb-spacing-left-large:1.92%;--awb-width-medium:100%;--awb-spacing-right-medium:1.92%;--awb-spacing-left-medium:1.92%;--awb-width-small:100%;--awb-spacing-right-small:1.92%;--awb-spacing-left-small:1.92%;\"><div class=\"fusion-column-wrapper fusion-column-has-shadow fusion-flex-justify-content-flex-start fusion-content-layout-column\"><div class=\"fusion-image-element \" style=\"text-align:center;--awb-caption-title-font-family:var(--h2_typography-font-family);--awb-caption-title-font-weight:var(--h2_typography-font-weight);--awb-caption-title-font-style:var(--h2_typography-font-style);--awb-caption-title-size:var(--h2_typography-font-size);--awb-caption-title-transform:var(--h2_typography-text-transform);--awb-caption-title-line-height:var(--h2_typography-line-height);--awb-caption-title-letter-spacing:var(--h2_typography-letter-spacing);\"><span class=\" fusion-imageframe imageframe-none imageframe-2 hover-type-none\"><img decoding=\"async\" width=\"104\" height=\"90\" title=\"saber_mais\" src=\"data:image\/svg+xml,%3Csvg%20xmlns%3D%27http%3A%2F%2Fwww.w3.org%2F2000%2Fsvg%27%20width%3D%27104%27%20height%3D%2790%27%20viewBox%3D%270%200%20104%2090%27%3E%3Crect%20width%3D%27104%27%20height%3D%2790%27%20fill-opacity%3D%220%22%2F%3E%3C%2Fsvg%3E\" data-orig-src=\"https:\/\/fe.up.pt\/estudar\/wp-content\/uploads\/2020\/07\/saber_mais.png\" alt class=\"lazyload img-responsive wp-image-3975\"\/><\/span><\/div><div class=\"fusion-title title fusion-title-2 fusion-sep-none fusion-title-center fusion-title-text fusion-title-size-three\"><h3 class=\"fusion-title-heading title-heading-center fusion-responsive-typography-calculated\" style=\"margin:0;--fontSize:32;line-height:1.3;\">SABER MAIS<\/h3><\/div><\/div><\/div><div class=\"fusion-layout-column fusion_builder_column fusion-builder-column-12 fusion_builder_column_1_3 1_3 fusion-flex-column\" style=\"--awb-bg-size:cover;--awb-width-large:33.333333333333%;--awb-margin-top-large:0px;--awb-spacing-right-large:5.76%;--awb-margin-bottom-large:20px;--awb-spacing-left-large:5.76%;--awb-width-medium:100%;--awb-order-medium:0;--awb-spacing-right-medium:1.92%;--awb-spacing-left-medium:1.92%;--awb-width-small:100%;--awb-order-small:0;--awb-spacing-right-small:1.92%;--awb-spacing-left-small:1.92%;\"><div class=\"fusion-column-wrapper fusion-column-has-shadow fusion-flex-justify-content-flex-start fusion-content-layout-column\"><div class=\"fusion-image-element \" style=\"--awb-caption-title-font-family:var(--h2_typography-font-family);--awb-caption-title-font-weight:var(--h2_typography-font-weight);--awb-caption-title-font-style:var(--h2_typography-font-style);--awb-caption-title-size:var(--h2_typography-font-size);--awb-caption-title-transform:var(--h2_typography-text-transform);--awb-caption-title-line-height:var(--h2_typography-line-height);--awb-caption-title-letter-spacing:var(--h2_typography-letter-spacing);\"><span class=\" fusion-imageframe imageframe-none imageframe-3 hover-type-none image-text\"><a class=\"fusion-no-lightbox\" href=\"https:\/\/sigarra.up.pt\/sasup\/pt\/web_page.inicial\" target=\"_blank\" aria-label=\"botao_bolsas_mais-info\" rel=\"noopener noreferrer\"><img decoding=\"async\" width=\"347\" height=\"347\" alt=\"SASUP\" src=\"https:\/\/fe.up.pt\/estudar\/wp-content\/uploads\/2021\/01\/botao_bolsas_mais-info.jpg\" data-orig-src=\"https:\/\/fe.up.pt\/estudar\/wp-content\/uploads\/2021\/01\/botao_bolsas_mais-info.jpg\" class=\"lazyload img-responsive wp-image-4291\" srcset=\"data:image\/svg+xml,%3Csvg%20xmlns%3D%27http%3A%2F%2Fwww.w3.org%2F2000%2Fsvg%27%20width%3D%27347%27%20height%3D%27347%27%20viewBox%3D%270%200%20347%20347%27%3E%3Crect%20width%3D%27347%27%20height%3D%27347%27%20fill-opacity%3D%220%22%2F%3E%3C%2Fsvg%3E\" data-srcset=\"https:\/\/fe.up.pt\/estudar\/wp-content\/uploads\/2021\/01\/botao_bolsas_mais-info-200x200.jpg 200w, https:\/\/fe.up.pt\/estudar\/wp-content\/uploads\/2021\/01\/botao_bolsas_mais-info.jpg 347w\" data-sizes=\"auto\" data-orig-sizes=\"(max-width: 1024px) 100vw, (max-width: 640px) 100vw, 347px\" \/><\/a><\/span><\/div><\/div><\/div><\/div><\/div><\/p>\n","protected":false},"excerpt":{"rendered":"","protected":false},"author":1,"featured_media":0,"parent":4482,"menu_order":0,"comment_status":"closed","ping_status":"closed","template":"100-width.php","meta":{"footnotes":""},"tags":[],"class_list":["post-3235","page","type-page","status-publish","hentry"],"acf":[],"yoast_head":"<!-- This site is optimized with the Yoast SEO plugin v27.5 - https:\/\/yoast.com\/product\/yoast-seo-wordpress\/ -->\n<title>BOLSAS E INCENTIVOS - Estudar na FEUP<\/title>\n<meta name=\"description\" content=\"A Universidade do Porto e a FEUP promovem um conjunto de apoios financeiros aos seus estudantes e de m\u00e9rito escolar.\" \/>\n<meta name=\"robots\" content=\"index, follow, max-snippet:-1, max-image-preview:large, max-video-preview:-1\" \/>\n<link rel=\"canonical\" href=\"https:\/\/fe.up.pt\/estudar\/cursos-2\/bolsas-e-incentivos\/\" \/>\n<meta property=\"og:locale\" content=\"pt_PT\" \/>\n<meta property=\"og:type\" content=\"article\" \/>\n<meta property=\"og:title\" content=\"Sistema de Ensino\" \/>\n<meta property=\"og:description\" content=\"Sistema de Ensino\" \/>\n<meta property=\"og:url\" content=\"https:\/\/fe.up.pt\/estudar\/cursos-2\/bolsas-e-incentivos\/\" \/>\n<meta property=\"og:site_name\" content=\"Estudar na FEUP\" \/>\n<meta property=\"article:modified_time\" content=\"2022-01-04T16:49:40+00:00\" \/>\n<meta name=\"twitter:card\" content=\"summary_large_image\" \/>\n<meta name=\"twitter:title\" content=\"Sistema de Ensino\" \/>\n<meta name=\"twitter:description\" content=\"Sistema de Ensino\" \/>\n<script type=\"application\/ld+json\" class=\"yoast-schema-graph\">{\"@context\":\"https:\\\/\\\/schema.org\",\"@graph\":[{\"@type\":\"WebPage\",\"@id\":\"https:\\\/\\\/fe.up.pt\\\/estudar\\\/cursos-2\\\/bolsas-e-incentivos\\\/\",\"url\":\"https:\\\/\\\/fe.up.pt\\\/estudar\\\/cursos-2\\\/bolsas-e-incentivos\\\/\",\"name\":\"BOLSAS E INCENTIVOS - Estudar na FEUP\",\"isPartOf\":{\"@id\":\"https:\\\/\\\/fe.up.pt\\\/estudar\\\/#website\"},\"datePublished\":\"2020-03-19T16:03:27+00:00\",\"dateModified\":\"2022-01-04T16:49:40+00:00\",\"description\":\"A Universidade do Porto e a FEUP promovem um conjunto de apoios financeiros aos seus estudantes e de m\u00e9rito escolar.\",\"breadcrumb\":{\"@id\":\"https:\\\/\\\/fe.up.pt\\\/estudar\\\/cursos-2\\\/bolsas-e-incentivos\\\/#breadcrumb\"},\"inLanguage\":\"pt-PT\",\"potentialAction\":[{\"@type\":\"ReadAction\",\"target\":[\"https:\\\/\\\/fe.up.pt\\\/estudar\\\/cursos-2\\\/bolsas-e-incentivos\\\/\"]}]},{\"@type\":\"BreadcrumbList\",\"@id\":\"https:\\\/\\\/fe.up.pt\\\/estudar\\\/cursos-2\\\/bolsas-e-incentivos\\\/#breadcrumb\",\"itemListElement\":[{\"@type\":\"ListItem\",\"position\":1,\"name\":\"In\u00edcio\",\"item\":\"https:\\\/\\\/fe.up.pt\\\/estudar\\\/\"},{\"@type\":\"ListItem\",\"position\":2,\"name\":\"Cursos\",\"item\":\"https:\\\/\\\/fe.up.pt\\\/estudar\\\/cursos-2\\\/\"},{\"@type\":\"ListItem\",\"position\":3,\"name\":\"BOLSAS E INCENTIVOS\"}]},{\"@type\":\"WebSite\",\"@id\":\"https:\\\/\\\/fe.up.pt\\\/estudar\\\/#website\",\"url\":\"https:\\\/\\\/fe.up.pt\\\/estudar\\\/\",\"name\":\"Estudar na FEUP\",\"description\":\"Faculdade de Engenharia da Universidade do Porto\",\"publisher\":{\"@id\":\"https:\\\/\\\/fe.up.pt\\\/estudar\\\/#organization\"},\"potentialAction\":[{\"@type\":\"SearchAction\",\"target\":{\"@type\":\"EntryPoint\",\"urlTemplate\":\"https:\\\/\\\/fe.up.pt\\\/estudar\\\/?s={search_term_string}\"},\"query-input\":{\"@type\":\"PropertyValueSpecification\",\"valueRequired\":true,\"valueName\":\"search_term_string\"}}],\"inLanguage\":\"pt-PT\"},{\"@type\":\"Organization\",\"@id\":\"https:\\\/\\\/fe.up.pt\\\/estudar\\\/#organization\",\"name\":\"FEUP\",\"url\":\"https:\\\/\\\/fe.up.pt\\\/estudar\\\/\",\"logo\":{\"@type\":\"ImageObject\",\"inLanguage\":\"pt-PT\",\"@id\":\"https:\\\/\\\/fe.up.pt\\\/estudar\\\/#\\\/schema\\\/logo\\\/image\\\/\",\"url\":\"https:\\\/\\\/paginas.fe.up.pt\\\/~estudar\\\/wp-content\\\/uploads\\\/2016\\\/01\\\/feup_logo.jpg\",\"contentUrl\":\"https:\\\/\\\/paginas.fe.up.pt\\\/~estudar\\\/wp-content\\\/uploads\\\/2016\\\/01\\\/feup_logo.jpg\",\"width\":247,\"height\":84,\"caption\":\"FEUP\"},\"image\":{\"@id\":\"https:\\\/\\\/fe.up.pt\\\/estudar\\\/#\\\/schema\\\/logo\\\/image\\\/\"}}]}<\/script>\n<!-- \/ Yoast SEO plugin. -->","yoast_head_json":{"title":"BOLSAS E INCENTIVOS - Estudar na FEUP","description":"A Universidade do Porto e a FEUP promovem um conjunto de apoios financeiros aos seus estudantes e de m\u00e9rito escolar.","robots":{"index":"index","follow":"follow","max-snippet":"max-snippet:-1","max-image-preview":"max-image-preview:large","max-video-preview":"max-video-preview:-1"},"canonical":"https:\/\/fe.up.pt\/estudar\/cursos-2\/bolsas-e-incentivos\/","og_locale":"pt_PT","og_type":"article","og_title":"Sistema de Ensino","og_description":"Sistema de Ensino","og_url":"https:\/\/fe.up.pt\/estudar\/cursos-2\/bolsas-e-incentivos\/","og_site_name":"Estudar na FEUP","article_modified_time":"2022-01-04T16:49:40+00:00","twitter_card":"summary_large_image","twitter_title":"Sistema de Ensino","twitter_description":"Sistema de Ensino","schema":{"@context":"https:\/\/schema.org","@graph":[{"@type":"WebPage","@id":"https:\/\/fe.up.pt\/estudar\/cursos-2\/bolsas-e-incentivos\/","url":"https:\/\/fe.up.pt\/estudar\/cursos-2\/bolsas-e-incentivos\/","name":"BOLSAS E INCENTIVOS - Estudar na FEUP","isPartOf":{"@id":"https:\/\/fe.up.pt\/estudar\/#website"},"datePublished":"2020-03-19T16:03:27+00:00","dateModified":"2022-01-04T16:49:40+00:00","description":"A Universidade do Porto e a FEUP promovem um conjunto de apoios financeiros aos seus estudantes e de m\u00e9rito escolar.","breadcrumb":{"@id":"https:\/\/fe.up.pt\/estudar\/cursos-2\/bolsas-e-incentivos\/#breadcrumb"},"inLanguage":"pt-PT","potentialAction":[{"@type":"ReadAction","target":["https:\/\/fe.up.pt\/estudar\/cursos-2\/bolsas-e-incentivos\/"]}]},{"@type":"BreadcrumbList","@id":"https:\/\/fe.up.pt\/estudar\/cursos-2\/bolsas-e-incentivos\/#breadcrumb","itemListElement":[{"@type":"ListItem","position":1,"name":"In\u00edcio","item":"https:\/\/fe.up.pt\/estudar\/"},{"@type":"ListItem","position":2,"name":"Cursos","item":"https:\/\/fe.up.pt\/estudar\/cursos-2\/"},{"@type":"ListItem","position":3,"name":"BOLSAS E INCENTIVOS"}]},{"@type":"WebSite","@id":"https:\/\/fe.up.pt\/estudar\/#website","url":"https:\/\/fe.up.pt\/estudar\/","name":"Estudar na FEUP","description":"Faculdade de Engenharia da Universidade do Porto","publisher":{"@id":"https:\/\/fe.up.pt\/estudar\/#organization"},"potentialAction":[{"@type":"SearchAction","target":{"@type":"EntryPoint","urlTemplate":"https:\/\/fe.up.pt\/estudar\/?s={search_term_string}"},"query-input":{"@type":"PropertyValueSpecification","valueRequired":true,"valueName":"search_term_string"}}],"inLanguage":"pt-PT"},{"@type":"Organization","@id":"https:\/\/fe.up.pt\/estudar\/#organization","name":"FEUP","url":"https:\/\/fe.up.pt\/estudar\/","logo":{"@type":"ImageObject","inLanguage":"pt-PT","@id":"https:\/\/fe.up.pt\/estudar\/#\/schema\/logo\/image\/","url":"https:\/\/paginas.fe.up.pt\/~estudar\/wp-content\/uploads\/2016\/01\/feup_logo.jpg","contentUrl":"https:\/\/paginas.fe.up.pt\/~estudar\/wp-content\/uploads\/2016\/01\/feup_logo.jpg","width":247,"height":84,"caption":"FEUP"},"image":{"@id":"https:\/\/fe.up.pt\/estudar\/#\/schema\/logo\/image\/"}}]}},"_links":{"self":[{"href":"https:\/\/fe.up.pt\/estudar\/wp-json\/wp\/v2\/pages\/3235","targetHints":{"allow":["GET"]}}],"collection":[{"href":"https:\/\/fe.up.pt\/estudar\/wp-json\/wp\/v2\/pages"}],"about":[{"href":"https:\/\/fe.up.pt\/estudar\/wp-json\/wp\/v2\/types\/page"}],"author":[{"embeddable":true,"href":"https:\/\/fe.up.pt\/estudar\/wp-json\/wp\/v2\/users\/1"}],"replies":[{"embeddable":true,"href":"https:\/\/fe.up.pt\/estudar\/wp-json\/wp\/v2\/comments?post=3235"}],"version-history":[{"count":0,"href":"https:\/\/fe.up.pt\/estudar\/wp-json\/wp\/v2\/pages\/3235\/revisions"}],"up":[{"embeddable":true,"href":"https:\/\/fe.up.pt\/estudar\/wp-json\/wp\/v2\/pages\/4482"}],"wp:attachment":[{"href":"https:\/\/fe.up.pt\/estudar\/wp-json\/wp\/v2\/media?parent=3235"}],"wp:term":[{"taxonomy":"post_tag","embeddable":true,"href":"https:\/\/fe.up.pt\/estudar\/wp-json\/wp\/v2\/tags?post=3235"}],"curies":[{"name":"wp","href":"https:\/\/api.w.org\/{rel}","templated":true}]}}