{"id":4861,"date":"2025-02-13T12:34:10","date_gmt":"2025-02-13T12:34:10","guid":{"rendered":"https:\/\/fe.up.pt\/escolas\/outras-iniciativas-pe\/matcampfeup-copy\/"},"modified":"2025-12-17T16:26:19","modified_gmt":"2025-12-17T16:26:19","slug":"matcampfeup","status":"publish","type":"page","link":"https:\/\/fe.up.pt\/escolas\/matcampfeup\/","title":{"rendered":"MatCamp@FEUP"},"content":{"rendered":"<p><div class=\"fusion-fullwidth fullwidth-box fusion-builder-row-1 fusion-flex-container has-pattern-background has-mask-background nonhundred-percent-fullwidth non-hundred-percent-height-scrolling\" style=\"--awb-border-radius-top-left:0px;--awb-border-radius-top-right:0px;--awb-border-radius-bottom-right:0px;--awb-border-radius-bottom-left:0px;--awb-flex-wrap:wrap;\" ><div class=\"fusion-builder-row fusion-row fusion-flex-align-items-flex-start fusion-flex-content-wrap\" style=\"max-width:1144px;margin-left: calc(-4% \/ 2 );margin-right: calc(-4% \/ 2 );\"><div class=\"fusion-layout-column fusion_builder_column fusion-builder-column-0 fusion_builder_column_1_1 1_1 fusion-flex-column\" style=\"--awb-bg-size:cover;--awb-width-large:100%;--awb-margin-top-large:0px;--awb-spacing-right-large:1.92%;--awb-margin-bottom-large:20px;--awb-spacing-left-large:1.92%;--awb-width-medium:100%;--awb-order-medium:0;--awb-spacing-right-medium:1.92%;--awb-spacing-left-medium:1.92%;--awb-width-small:100%;--awb-order-small:0;--awb-spacing-right-small:1.92%;--awb-spacing-left-small:1.92%;\"><div class=\"fusion-column-wrapper fusion-column-has-shadow fusion-flex-justify-content-flex-start fusion-content-layout-column\"><div class=\"fusion-image-element \" style=\"--awb-caption-title-font-family:var(--h2_typography-font-family);--awb-caption-title-font-weight:var(--h2_typography-font-weight);--awb-caption-title-font-style:var(--h2_typography-font-style);--awb-caption-title-size:var(--h2_typography-font-size);--awb-caption-title-transform:var(--h2_typography-text-transform);--awb-caption-title-line-height:var(--h2_typography-line-height);--awb-caption-title-letter-spacing:var(--h2_typography-letter-spacing);\"><span class=\" fusion-imageframe imageframe-none imageframe-1 hover-type-none\"><img decoding=\"async\" width=\"1990\" height=\"570\" title=\"MatCamp_FEUP_banner_Site_PAG_MATCAMP\" src=\"https:\/\/fe.up.pt\/escolas\/wp-content\/uploads\/2025\/10\/MatCamp_FEUP_banner_Site_PAG_MATCAMP-1.jpg\" alt class=\"img-responsive wp-image-5469\" srcset=\"https:\/\/fe.up.pt\/escolas\/wp-content\/uploads\/2025\/10\/MatCamp_FEUP_banner_Site_PAG_MATCAMP-1-200x57.jpg 200w, https:\/\/fe.up.pt\/escolas\/wp-content\/uploads\/2025\/10\/MatCamp_FEUP_banner_Site_PAG_MATCAMP-1-400x115.jpg 400w, https:\/\/fe.up.pt\/escolas\/wp-content\/uploads\/2025\/10\/MatCamp_FEUP_banner_Site_PAG_MATCAMP-1-600x172.jpg 600w, https:\/\/fe.up.pt\/escolas\/wp-content\/uploads\/2025\/10\/MatCamp_FEUP_banner_Site_PAG_MATCAMP-1-800x229.jpg 800w, https:\/\/fe.up.pt\/escolas\/wp-content\/uploads\/2025\/10\/MatCamp_FEUP_banner_Site_PAG_MATCAMP-1-1200x344.jpg 1200w, https:\/\/fe.up.pt\/escolas\/wp-content\/uploads\/2025\/10\/MatCamp_FEUP_banner_Site_PAG_MATCAMP-1.jpg 1990w\" sizes=\"(max-width: 1024px) 100vw, (max-width: 640px) 100vw, 1200px\" \/><\/span><\/div><\/div><\/div><\/div><\/div><div class=\"fusion-fullwidth fullwidth-box fusion-builder-row-2 fusion-flex-container has-pattern-background has-mask-background nonhundred-percent-fullwidth non-hundred-percent-height-scrolling\" style=\"--awb-border-radius-top-left:0px;--awb-border-radius-top-right:0px;--awb-border-radius-bottom-right:0px;--awb-border-radius-bottom-left:0px;--awb-flex-wrap:wrap;\" ><div class=\"fusion-builder-row fusion-row fusion-flex-align-items-flex-start fusion-flex-content-wrap\" style=\"max-width:1144px;margin-left: calc(-4% \/ 2 );margin-right: calc(-4% \/ 2 );\"><div class=\"fusion-layout-column fusion_builder_column fusion-builder-column-1 fusion_builder_column_1_1 1_1 fusion-flex-column\" style=\"--awb-bg-size:cover;--awb-width-large:100%;--awb-margin-top-large:0px;--awb-spacing-right-large:1.92%;--awb-margin-bottom-large:20px;--awb-spacing-left-large:1.92%;--awb-width-medium:100%;--awb-order-medium:0;--awb-spacing-right-medium:1.92%;--awb-spacing-left-medium:1.92%;--awb-width-small:100%;--awb-order-small:0;--awb-spacing-right-small:1.92%;--awb-spacing-left-small:1.92%;\"><div class=\"fusion-column-wrapper fusion-column-has-shadow fusion-flex-justify-content-flex-start fusion-content-layout-column\"><div class=\"fusion-title title fusion-title-1 fusion-sep-none fusion-title-text fusion-title-size-one\"><h1 class=\"fusion-title-heading title-heading-left fusion-responsive-typography-calculated\" style=\"margin:0;--fontSize:38;line-height:1.41;\">MatCamp@FEUP<\/h1><\/div><div class=\"fusion-text fusion-text-1\"><p style=\"font-weight: 400;\"><strong>\u00a0<\/strong><strong>MatCamp@FEUP<\/strong>\u00a0\u00e9 um\u00a0<em>bootcamp\u00a0<\/em>sobre a aplica\u00e7\u00e3o da Matem\u00e1tica \u00e0 Engenharia, dirigido a alunos do Ensino Secund\u00e1rio (11\u00ba e 12\u00ba anos).<\/p>\n<p style=\"font-weight: 400;\">O objetivo \u00e9 permitir que os alunos compreendam de que forma \u00e9 que os conceitos de Matem\u00e1tica abordados no Ensino Secund\u00e1rio poder\u00e3o ser \u00fateis na resolu\u00e7\u00e3o de problemas de Engenharia.<\/p>\n<p style=\"font-weight: 400;\">A iniciativa disp\u00f5e de dois programas adaptados aos anos de escolaridade dos participantes, cada um com uma componente te\u00f3rica e uma pr\u00e1tica. Inicialmente, todos os alunos ter\u00e3o a possibilidade de rever conceitos essenciais de Matem\u00e1tica, enquadrados nas Aprendizagens Essenciais da disciplina, e, em seguida, aplic\u00e1-los na resolu\u00e7\u00e3o de desafios de Engenharia.<\/p>\n<p style=\"font-weight: 400;\">Pretende-se, com o MatCamp@FEUP, fomentar o gosto pela Matem\u00e1tica e contribuir para uma compreens\u00e3o mais ampla da sua aplicabilidade, nomeadamente \u00e0 \u00e1rea da Engenharia.<\/p>\n<p><strong>A edi\u00e7\u00e3o do ano letivo 2025\/26 aconteceu no dia 13 de dezembro.\u00a0<\/strong><\/p>\n<\/div><div ><a class=\"fusion-button button-flat button-large button-custom fusion-button-default button-1 fusion-button-default-span fusion-button-default-type\" style=\"--button_accent_color:#ffffff;--button_accent_hover_color:#e8e8e8;--button_border_hover_color:#e8e8e8;--button_gradient_top_color:#ffb200;--button_gradient_bottom_color:#ffb200;--button_gradient_top_color_hover:#8c584f;--button_gradient_bottom_color_hover:#8c584f;--button_margin-top:2px;--button_margin-right:2px;--button_margin-bottom:2px;--button_margin-left:2px;\" target=\"_blank\" rel=\"noopener noreferrer\" href=\"https:\/\/fe.up.pt\/escolas\/wp-content\/uploads\/2025\/10\/MatCamp_programa_2025.pdf\"><span class=\"fusion-button-text\">Programa 2025<\/span><\/a><\/div><div class=\"fusion-separator fusion-full-width-sep\" style=\"align-self: center;margin-left: auto;margin-right: auto;margin-top:3px;margin-bottom:3px;width:100%;\"><\/div><div ><a class=\"fusion-button button-flat button-large button-custom fusion-button-default button-2 fusion-button-default-span fusion-button-default-type\" style=\"--button_accent_color:#ffffff;--button_accent_hover_color:#e8e8e8;--button_border_hover_color:#e8e8e8;--button_gradient_top_color:#ffb200;--button_gradient_bottom_color:#ffb200;--button_gradient_top_color_hover:#8c584f;--button_gradient_bottom_color_hover:#8c584f;--button_margin-top:2px;--button_margin-right:2px;--button_margin-bottom:2px;--button_margin-left:2px;\" target=\"_blank\" rel=\"noopener noreferrer\" href=\"https:\/\/fe.up.pt\/escolas\/wp-content\/uploads\/2025\/10\/Regulamento_MatCamp@FEUP.pdf\"><span class=\"fusion-button-text\">REGULAMENTO<\/span><\/a><\/div><div class=\"fusion-separator fusion-full-width-sep\" style=\"align-self: center;margin-left: auto;margin-right: auto;margin-top:3px;margin-bottom:3px;width:100%;\"><\/div><div class=\"fusion-separator fusion-full-width-sep\" style=\"align-self: center;margin-left: auto;margin-right: auto;margin-top:3px;margin-bottom:3px;width:100%;\"><\/div><div class=\"fusion-text fusion-text-2\"><p>Fa\u00e7a o <strong><a href=\"https:\/\/fe.up.pt\/escolas\/spe\/pedido-de-notificacao\/\" target=\"_blank\" rel=\"noopener\">pedido de notifica\u00e7\u00e3o<\/a><\/strong> para se manter atualizado sobre as iniciativas do Ensino Secund\u00e1rio.<\/p>\n<\/div><\/div><\/div><\/div><\/div><\/p>\n","protected":false},"excerpt":{"rendered":"","protected":false},"author":4,"featured_media":0,"parent":0,"menu_order":0,"comment_status":"closed","ping_status":"closed","template":"","meta":{"_acf_changed":false,"footnotes":""},"class_list":["post-4861","page","type-page","status-publish","hentry"],"acf":[],"yoast_head":"<!-- This site is optimized with the Yoast SEO plugin v27.5 - https:\/\/yoast.com\/product\/yoast-seo-wordpress\/ -->\n<title>MatCamp@FEUP - FEUP Escolas<\/title>\n<meta name=\"description\" content=\"Pr\u00e9-Candidaturas - FEUP Brasil\" \/>\n<meta name=\"robots\" content=\"index, follow, max-snippet:-1, max-image-preview:large, max-video-preview:-1\" \/>\n<link rel=\"canonical\" href=\"https:\/\/fe.up.pt\/escolas\/matcampfeup\/\" \/>\n<meta property=\"og:locale\" content=\"pt_PT\" \/>\n<meta property=\"og:type\" content=\"article\" \/>\n<meta property=\"og:title\" content=\"MatCamp@FEUP - FEUP Escolas\" \/>\n<meta property=\"og:description\" content=\"Pr\u00e9-Candidaturas - FEUP Brasil\" \/>\n<meta property=\"og:url\" content=\"https:\/\/fe.up.pt\/escolas\/matcampfeup\/\" \/>\n<meta property=\"og:site_name\" content=\"FEUP Escolas\" \/>\n<meta property=\"article:publisher\" content=\"https:\/\/www.facebook.com\/ProfissaoEngenheiro\/\" \/>\n<meta property=\"article:modified_time\" content=\"2025-12-17T16:26:19+00:00\" \/>\n<meta name=\"twitter:card\" content=\"summary_large_image\" \/>\n<meta name=\"twitter:label1\" content=\"Tempo estimado de leitura\" \/>\n\t<meta name=\"twitter:data1\" content=\"2 minutos\" \/>\n<script type=\"application\/ld+json\" class=\"yoast-schema-graph\">{\"@context\":\"https:\\\/\\\/schema.org\",\"@graph\":[{\"@type\":\"WebPage\",\"@id\":\"https:\\\/\\\/fe.up.pt\\\/escolas\\\/matcampfeup\\\/\",\"url\":\"https:\\\/\\\/fe.up.pt\\\/escolas\\\/matcampfeup\\\/\",\"name\":\"MatCamp@FEUP - FEUP Escolas\",\"isPartOf\":{\"@id\":\"https:\\\/\\\/fe.up.pt\\\/escolas\\\/#website\"},\"datePublished\":\"2025-02-13T12:34:10+00:00\",\"dateModified\":\"2025-12-17T16:26:19+00:00\",\"description\":\"Pr\u00e9-Candidaturas - FEUP Brasil\",\"breadcrumb\":{\"@id\":\"https:\\\/\\\/fe.up.pt\\\/escolas\\\/matcampfeup\\\/#breadcrumb\"},\"inLanguage\":\"pt-PT\",\"potentialAction\":[{\"@type\":\"ReadAction\",\"target\":[\"https:\\\/\\\/fe.up.pt\\\/escolas\\\/matcampfeup\\\/\"]}]},{\"@type\":\"BreadcrumbList\",\"@id\":\"https:\\\/\\\/fe.up.pt\\\/escolas\\\/matcampfeup\\\/#breadcrumb\",\"itemListElement\":[{\"@type\":\"ListItem\",\"position\":1,\"name\":\"Home\",\"item\":\"https:\\\/\\\/fe.up.pt\\\/escolas\\\/\"},{\"@type\":\"ListItem\",\"position\":2,\"name\":\"MatCamp@FEUP\"}]},{\"@type\":\"WebSite\",\"@id\":\"https:\\\/\\\/fe.up.pt\\\/escolas\\\/#website\",\"url\":\"https:\\\/\\\/fe.up.pt\\\/escolas\\\/\",\"name\":\"Semana Profiss\u00e3o: Engenheiro\",\"description\":\"FEUP Escolas\",\"potentialAction\":[{\"@type\":\"SearchAction\",\"target\":{\"@type\":\"EntryPoint\",\"urlTemplate\":\"https:\\\/\\\/fe.up.pt\\\/escolas\\\/?s={search_term_string}\"},\"query-input\":{\"@type\":\"PropertyValueSpecification\",\"valueRequired\":true,\"valueName\":\"search_term_string\"}}],\"inLanguage\":\"pt-PT\"}]}<\/script>\n<!-- \/ Yoast SEO plugin. -->","yoast_head_json":{"title":"MatCamp@FEUP - FEUP Escolas","description":"Pr\u00e9-Candidaturas - FEUP Brasil","robots":{"index":"index","follow":"follow","max-snippet":"max-snippet:-1","max-image-preview":"max-image-preview:large","max-video-preview":"max-video-preview:-1"},"canonical":"https:\/\/fe.up.pt\/escolas\/matcampfeup\/","og_locale":"pt_PT","og_type":"article","og_title":"MatCamp@FEUP - FEUP Escolas","og_description":"Pr\u00e9-Candidaturas - FEUP Brasil","og_url":"https:\/\/fe.up.pt\/escolas\/matcampfeup\/","og_site_name":"FEUP Escolas","article_publisher":"https:\/\/www.facebook.com\/ProfissaoEngenheiro\/","article_modified_time":"2025-12-17T16:26:19+00:00","twitter_card":"summary_large_image","twitter_misc":{"Tempo estimado de leitura":"2 minutos"},"schema":{"@context":"https:\/\/schema.org","@graph":[{"@type":"WebPage","@id":"https:\/\/fe.up.pt\/escolas\/matcampfeup\/","url":"https:\/\/fe.up.pt\/escolas\/matcampfeup\/","name":"MatCamp@FEUP - FEUP Escolas","isPartOf":{"@id":"https:\/\/fe.up.pt\/escolas\/#website"},"datePublished":"2025-02-13T12:34:10+00:00","dateModified":"2025-12-17T16:26:19+00:00","description":"Pr\u00e9-Candidaturas - FEUP Brasil","breadcrumb":{"@id":"https:\/\/fe.up.pt\/escolas\/matcampfeup\/#breadcrumb"},"inLanguage":"pt-PT","potentialAction":[{"@type":"ReadAction","target":["https:\/\/fe.up.pt\/escolas\/matcampfeup\/"]}]},{"@type":"BreadcrumbList","@id":"https:\/\/fe.up.pt\/escolas\/matcampfeup\/#breadcrumb","itemListElement":[{"@type":"ListItem","position":1,"name":"Home","item":"https:\/\/fe.up.pt\/escolas\/"},{"@type":"ListItem","position":2,"name":"MatCamp@FEUP"}]},{"@type":"WebSite","@id":"https:\/\/fe.up.pt\/escolas\/#website","url":"https:\/\/fe.up.pt\/escolas\/","name":"Semana Profiss\u00e3o: Engenheiro","description":"FEUP Escolas","potentialAction":[{"@type":"SearchAction","target":{"@type":"EntryPoint","urlTemplate":"https:\/\/fe.up.pt\/escolas\/?s={search_term_string}"},"query-input":{"@type":"PropertyValueSpecification","valueRequired":true,"valueName":"search_term_string"}}],"inLanguage":"pt-PT"}]}},"_links":{"self":[{"href":"https:\/\/fe.up.pt\/escolas\/wp-json\/wp\/v2\/pages\/4861","targetHints":{"allow":["GET"]}}],"collection":[{"href":"https:\/\/fe.up.pt\/escolas\/wp-json\/wp\/v2\/pages"}],"about":[{"href":"https:\/\/fe.up.pt\/escolas\/wp-json\/wp\/v2\/types\/page"}],"author":[{"embeddable":true,"href":"https:\/\/fe.up.pt\/escolas\/wp-json\/wp\/v2\/users\/4"}],"replies":[{"embeddable":true,"href":"https:\/\/fe.up.pt\/escolas\/wp-json\/wp\/v2\/comments?post=4861"}],"version-history":[{"count":44,"href":"https:\/\/fe.up.pt\/escolas\/wp-json\/wp\/v2\/pages\/4861\/revisions"}],"predecessor-version":[{"id":5490,"href":"https:\/\/fe.up.pt\/escolas\/wp-json\/wp\/v2\/pages\/4861\/revisions\/5490"}],"wp:attachment":[{"href":"https:\/\/fe.up.pt\/escolas\/wp-json\/wp\/v2\/media?parent=4861"}],"curies":[{"name":"wp","href":"https:\/\/api.w.org\/{rel}","templated":true}]}}