{"id":4765,"date":"2025-01-31T08:38:23","date_gmt":"2025-01-31T08:38:23","guid":{"rendered":"https:\/\/fe.up.pt\/escolas\/?page_id=4765"},"modified":"2026-01-19T11:09:13","modified_gmt":"2026-01-19T11:09:13","slug":"feup-boost-engenharia","status":"publish","type":"page","link":"https:\/\/fe.up.pt\/escolas\/feup-boost-engenharia\/","title":{"rendered":"FEUP Boost Engenharia"},"content":{"rendered":"<p><div class=\"fusion-fullwidth fullwidth-box fusion-builder-row-1 fusion-flex-container has-pattern-background has-mask-background nonhundred-percent-fullwidth non-hundred-percent-height-scrolling\" style=\"--awb-border-radius-top-left:0px;--awb-border-radius-top-right:0px;--awb-border-radius-bottom-right:0px;--awb-border-radius-bottom-left:0px;--awb-margin-top:40px;--awb-flex-wrap:wrap;\" ><div class=\"fusion-builder-row fusion-row fusion-flex-align-items-flex-start fusion-flex-content-wrap\" style=\"max-width:1144px;margin-left: calc(-4% \/ 2 );margin-right: calc(-4% \/ 2 );\"><div class=\"fusion-layout-column fusion_builder_column fusion-builder-column-0 fusion_builder_column_1_1 1_1 fusion-flex-column\" style=\"--awb-bg-size:cover;--awb-width-large:100%;--awb-margin-top-large:0px;--awb-spacing-right-large:1.92%;--awb-margin-bottom-large:20px;--awb-spacing-left-large:1.92%;--awb-width-medium:100%;--awb-order-medium:0;--awb-spacing-right-medium:1.92%;--awb-spacing-left-medium:1.92%;--awb-width-small:100%;--awb-order-small:0;--awb-spacing-right-small:1.92%;--awb-spacing-left-small:1.92%;\"><div class=\"fusion-column-wrapper fusion-column-has-shadow fusion-flex-justify-content-flex-start fusion-content-layout-column\"><div class=\"fusion-image-element \" style=\"--awb-caption-title-font-family:var(--h2_typography-font-family);--awb-caption-title-font-weight:var(--h2_typography-font-weight);--awb-caption-title-font-style:var(--h2_typography-font-style);--awb-caption-title-size:var(--h2_typography-font-size);--awb-caption-title-transform:var(--h2_typography-text-transform);--awb-caption-title-line-height:var(--h2_typography-line-height);--awb-caption-title-letter-spacing:var(--h2_typography-letter-spacing);\"><span class=\" fusion-imageframe imageframe-none imageframe-1 hover-type-none\"><img decoding=\"async\" width=\"1990\" height=\"570\" title=\"Banner site_FBE\" src=\"https:\/\/fe.up.pt\/escolas\/wp-content\/uploads\/2025\/02\/Banner-site_FBE.png\" alt class=\"img-responsive wp-image-4957\" srcset=\"https:\/\/fe.up.pt\/escolas\/wp-content\/uploads\/2025\/02\/Banner-site_FBE-200x57.png 200w, https:\/\/fe.up.pt\/escolas\/wp-content\/uploads\/2025\/02\/Banner-site_FBE-400x115.png 400w, https:\/\/fe.up.pt\/escolas\/wp-content\/uploads\/2025\/02\/Banner-site_FBE-600x172.png 600w, https:\/\/fe.up.pt\/escolas\/wp-content\/uploads\/2025\/02\/Banner-site_FBE-800x229.png 800w, https:\/\/fe.up.pt\/escolas\/wp-content\/uploads\/2025\/02\/Banner-site_FBE-1200x344.png 1200w, https:\/\/fe.up.pt\/escolas\/wp-content\/uploads\/2025\/02\/Banner-site_FBE.png 1990w\" sizes=\"(max-width: 1024px) 100vw, (max-width: 640px) 100vw, 1200px\" \/><\/span><\/div><\/div><\/div><\/div><\/div><div class=\"fusion-fullwidth fullwidth-box fusion-builder-row-2 fusion-flex-container has-pattern-background has-mask-background nonhundred-percent-fullwidth non-hundred-percent-height-scrolling\" style=\"--awb-border-radius-top-left:0px;--awb-border-radius-top-right:0px;--awb-border-radius-bottom-right:0px;--awb-border-radius-bottom-left:0px;--awb-margin-top:40px;--awb-flex-wrap:wrap;\" ><div class=\"fusion-builder-row fusion-row fusion-flex-align-items-flex-start fusion-flex-content-wrap\" style=\"max-width:1144px;margin-left: calc(-4% \/ 2 );margin-right: calc(-4% \/ 2 );\"><div class=\"fusion-layout-column fusion_builder_column fusion-builder-column-1 fusion_builder_column_1_1 1_1 fusion-flex-column\" style=\"--awb-bg-size:cover;--awb-width-large:100%;--awb-margin-top-large:0px;--awb-spacing-right-large:1.92%;--awb-margin-bottom-large:20px;--awb-spacing-left-large:1.92%;--awb-width-medium:100%;--awb-order-medium:0;--awb-spacing-right-medium:1.92%;--awb-spacing-left-medium:1.92%;--awb-width-small:100%;--awb-order-small:0;--awb-spacing-right-small:1.92%;--awb-spacing-left-small:1.92%;\"><div class=\"fusion-column-wrapper fusion-column-has-shadow fusion-flex-justify-content-flex-start fusion-content-layout-column\"><div class=\"fusion-text fusion-text-1\"><p><strong><em>FEUP Boost Engenharia<\/em><\/strong> \u00e9 um novo programa da <strong>Faculdade de Engenharia da Universidade do Porto<\/strong> (FEUP) que tem como objetivo despertar as mentes dos mais jovens para \u00e1reas STEM (<em>Science<\/em>, <em>Technology<\/em>, <em>Engineering<\/em> <em>and<\/em> <em>Mathematics<\/em>) e para tem\u00e1ticas emergentes que pautam a atualidade, convidando-os a serem agentes de mudan\u00e7a perante as necessidades atuais, e a contribu\u00edrem para a constru\u00e7\u00e3o de um futuro melhor.<\/p>\n<\/div><div class=\"fusion-text fusion-text-2\"><p>O programa disp\u00f5e de um conjunto de atividades <em>hands-on,<\/em> enquadradas nas \u00e1reas de estudo da faculdade, e din\u00e2micas que pretendem levar \u00e0 comunidade escolar conceitos de Engenharia e o debate sobre assuntos da contemporaneidade. Desde oficinas, <em>workshops<\/em> e palestras tem\u00e1ticas, docentes, investigadores e estudantes da FEUP s\u00e3o mobilizados na miss\u00e3o maior de fomentar, junto dos mais jovens, a sensibiliza\u00e7\u00e3o para a cultura cient\u00edfica e tecnol\u00f3gica.<\/p>\n<\/div><div class=\"fusion-text fusion-text-3\"><p>Todas as atividades do FEUP Boost Engenharia est\u00e3o sujeitas a inscri\u00e7\u00e3o, e podem ser consultadas em seguida.<\/p>\n<\/div><\/div><\/div><\/div><\/div><div class=\"fusion-fullwidth fullwidth-box fusion-builder-row-3 fusion-flex-container has-pattern-background has-mask-background nonhundred-percent-fullwidth non-hundred-percent-height-scrolling\" style=\"--awb-border-radius-top-left:0px;--awb-border-radius-top-right:0px;--awb-border-radius-bottom-right:0px;--awb-border-radius-bottom-left:0px;--awb-margin-top:40px;--awb-margin-bottom:40px;--awb-flex-wrap:wrap;\" ><div class=\"fusion-builder-row fusion-row fusion-flex-align-items-stretch fusion-flex-justify-content-center fusion-flex-content-wrap\" style=\"max-width:1144px;margin-left: calc(-4% \/ 2 );margin-right: calc(-4% \/ 2 );\"><div class=\"fusion-layout-column fusion_builder_column fusion-builder-column-2 fusion_builder_column_1_3 1_3 fusion-flex-column fusion-column-inner-bg-wrapper\" style=\"--awb-inner-bg-color:rgba(140,45,25,0);--awb-inner-bg-color-hover:rgba(140,45,25,0);--awb-inner-bg-size:cover;--awb-transform:scaleX(1) scaleY(1);--awb-transform-hover:scaleX(1.10) scaleY(1.10);--awb-width-large:33.333333333333%;--awb-margin-top-large:0px;--awb-spacing-right-large:5.76%;--awb-margin-bottom-large:0px;--awb-spacing-left-large:5.76%;--awb-width-medium:100%;--awb-order-medium:0;--awb-spacing-right-medium:1.92%;--awb-spacing-left-medium:1.92%;--awb-width-small:100%;--awb-order-small:0;--awb-spacing-right-small:1.92%;--awb-spacing-left-small:1.92%;\" data-scroll-devices=\"small-visibility,medium-visibility,large-visibility\"><span class=\"fusion-column-inner-bg hover-type-none\"><a class=\"fusion-column-anchor\" href=\"https:\/\/fe.up.pt\/escolas\/feup-boost-engenharia\/oficinas-e-workshops\/\"><span class=\"fusion-column-inner-bg-image\"><\/span><\/a><\/span><div class=\"fusion-column-wrapper fusion-column-has-shadow fusion-flex-justify-content-space-evenly fusion-content-layout-column\"><div class=\"fusion-image-element \" style=\"--awb-caption-title-font-family:var(--h2_typography-font-family);--awb-caption-title-font-weight:var(--h2_typography-font-weight);--awb-caption-title-font-style:var(--h2_typography-font-style);--awb-caption-title-size:var(--h2_typography-font-size);--awb-caption-title-transform:var(--h2_typography-text-transform);--awb-caption-title-line-height:var(--h2_typography-line-height);--awb-caption-title-letter-spacing:var(--h2_typography-letter-spacing);\"><span class=\" fusion-imageframe imageframe-none imageframe-2 hover-type-none\"><img decoding=\"async\" width=\"366\" height=\"163\" title=\"ofivinas_workshops\" src=\"https:\/\/fe.up.pt\/escolas\/wp-content\/uploads\/2025\/03\/ofivinas_workshops.png\" alt class=\"img-responsive wp-image-5107\" srcset=\"https:\/\/fe.up.pt\/escolas\/wp-content\/uploads\/2025\/03\/ofivinas_workshops-200x89.png 200w, https:\/\/fe.up.pt\/escolas\/wp-content\/uploads\/2025\/03\/ofivinas_workshops.png 366w\" sizes=\"(max-width: 1024px) 100vw, (max-width: 640px) 100vw, 366px\" \/><\/span><\/div><div class=\"fusion-separator fusion-full-width-sep\" style=\"align-self: center;margin-left: auto;margin-right: auto;margin-top:40px;width:100%;\"><div class=\"fusion-separator-border sep-single sep-solid\" style=\"--awb-height:20px;--awb-amount:20px;--awb-sep-color:var(--awb-color1);border-color:var(--awb-color1);border-top-width:4px;\"><\/div><\/div><div class=\"fusion-text fusion-text-4\"><p style=\"text-align: center;\">Atividades hands-on em \u00e1reas STEM, com aplica\u00e7\u00f5es em contextos reais e\/ou relacionadas com t\u00f3picos de Engenharia.<\/p>\n<\/div><\/div><\/div><div class=\"fusion-layout-column fusion_builder_column fusion-builder-column-3 fusion_builder_column_1_3 1_3 fusion-flex-column fusion-column-inner-bg-wrapper\" style=\"--awb-inner-bg-color:rgba(140,45,25,0);--awb-inner-bg-color-hover:rgba(140,45,25,0);--awb-inner-bg-size:cover;--awb-transform:scaleX(1) scaleY(1);--awb-transform-hover:scaleX(1.10) scaleY(1.10);--awb-width-large:33.333333333333%;--awb-margin-top-large:0px;--awb-spacing-right-large:5.76%;--awb-margin-bottom-large:0px;--awb-spacing-left-large:5.76%;--awb-width-medium:100%;--awb-order-medium:0;--awb-spacing-right-medium:1.92%;--awb-spacing-left-medium:1.92%;--awb-width-small:100%;--awb-order-small:0;--awb-spacing-right-small:1.92%;--awb-spacing-left-small:1.92%;\" data-scroll-devices=\"small-visibility,medium-visibility,large-visibility\"><span class=\"fusion-column-inner-bg hover-type-none\"><a class=\"fusion-column-anchor\" href=\"https:\/\/fe.up.pt\/escolas\/feup-boost-engenharia\/engi-talks\/\"><span class=\"fusion-column-inner-bg-image\"><\/span><\/a><\/span><div class=\"fusion-column-wrapper fusion-column-has-shadow fusion-flex-justify-content-space-evenly fusion-content-layout-column\"><div class=\"fusion-image-element \" style=\"--awb-caption-title-font-family:var(--h2_typography-font-family);--awb-caption-title-font-weight:var(--h2_typography-font-weight);--awb-caption-title-font-style:var(--h2_typography-font-style);--awb-caption-title-size:var(--h2_typography-font-size);--awb-caption-title-transform:var(--h2_typography-text-transform);--awb-caption-title-line-height:var(--h2_typography-line-height);--awb-caption-title-letter-spacing:var(--h2_typography-letter-spacing);\"><span class=\" fusion-imageframe imageframe-none imageframe-3 hover-type-none\"><img decoding=\"async\" width=\"366\" height=\"163\" title=\"engitalks\" src=\"https:\/\/fe.up.pt\/escolas\/wp-content\/uploads\/2025\/03\/engitalks.png\" alt class=\"img-responsive wp-image-5108\" srcset=\"https:\/\/fe.up.pt\/escolas\/wp-content\/uploads\/2025\/03\/engitalks-200x89.png 200w, https:\/\/fe.up.pt\/escolas\/wp-content\/uploads\/2025\/03\/engitalks.png 366w\" sizes=\"(max-width: 1024px) 100vw, (max-width: 640px) 100vw, 366px\" \/><\/span><\/div><div class=\"fusion-separator fusion-full-width-sep\" style=\"align-self: center;margin-left: auto;margin-right: auto;margin-top:40px;width:100%;\"><div class=\"fusion-separator-border sep-single sep-solid\" style=\"--awb-height:20px;--awb-amount:20px;--awb-sep-color:var(--awb-color1);border-color:var(--awb-color1);border-top-width:4px;\"><\/div><\/div><div class=\"fusion-text fusion-text-5\"><p style=\"text-align: center;\">Palestras tem\u00e1ticas sobre t\u00f3picos da atualidade, abordadas do ponto de vista da Engenharia, e sobre conceitos relacionados com \u00e1reas STEM.<\/p>\n<\/div><\/div><\/div><\/div><\/div><\/p>\n","protected":false},"excerpt":{"rendered":"","protected":false},"author":1,"featured_media":0,"parent":0,"menu_order":0,"comment_status":"closed","ping_status":"closed","template":"","meta":{"_acf_changed":false,"footnotes":""},"class_list":["post-4765","page","type-page","status-publish","hentry"],"acf":[],"yoast_head":"<!-- This site is optimized with the Yoast SEO plugin v27.5 - https:\/\/yoast.com\/product\/yoast-seo-wordpress\/ -->\n<title>FEUP Boost Engenharia - FEUP Escolas<\/title>\n<meta name=\"description\" content=\"Novo programa da FEUP para o ensino secund\u00e1rio que tem como objetivo despertar as mentes dos mais jovens para \u00e1reas STEM e para tem\u00e1ticas emergentes que pautam a atualidade, convidando-os a serem agentes de mudan\u00e7a perante as necessidades atuais, e a contribu\u00edrem para a constru\u00e7\u00e3o de um futuro melhor.\" \/>\n<meta name=\"robots\" content=\"index, follow, max-snippet:-1, max-image-preview:large, max-video-preview:-1\" \/>\n<link rel=\"canonical\" href=\"https:\/\/fe.up.pt\/escolas\/feup-boost-engenharia\/\" \/>\n<meta property=\"og:locale\" content=\"pt_PT\" \/>\n<meta property=\"og:type\" content=\"article\" \/>\n<meta property=\"og:title\" content=\"FEUP Boost Engenharia - FEUP Escolas\" \/>\n<meta property=\"og:description\" content=\"Novo programa da FEUP para o ensino secund\u00e1rio que tem como objetivo despertar as mentes dos mais jovens para \u00e1reas STEM e para tem\u00e1ticas emergentes que pautam a atualidade, convidando-os a serem agentes de mudan\u00e7a perante as necessidades atuais, e a contribu\u00edrem para a constru\u00e7\u00e3o de um futuro melhor.\" \/>\n<meta property=\"og:url\" content=\"https:\/\/fe.up.pt\/escolas\/feup-boost-engenharia\/\" \/>\n<meta property=\"og:site_name\" content=\"FEUP Escolas\" \/>\n<meta property=\"article:publisher\" content=\"https:\/\/www.facebook.com\/ProfissaoEngenheiro\/\" \/>\n<meta property=\"article:modified_time\" content=\"2026-01-19T11:09:13+00:00\" \/>\n<meta name=\"twitter:card\" content=\"summary_large_image\" \/>\n<meta name=\"twitter:label1\" content=\"Tempo estimado de leitura\" \/>\n\t<meta name=\"twitter:data1\" content=\"2 minutos\" \/>\n<script type=\"application\/ld+json\" class=\"yoast-schema-graph\">{\"@context\":\"https:\\\/\\\/schema.org\",\"@graph\":[{\"@type\":\"WebPage\",\"@id\":\"https:\\\/\\\/fe.up.pt\\\/escolas\\\/feup-boost-engenharia\\\/\",\"url\":\"https:\\\/\\\/fe.up.pt\\\/escolas\\\/feup-boost-engenharia\\\/\",\"name\":\"FEUP Boost Engenharia - FEUP Escolas\",\"isPartOf\":{\"@id\":\"https:\\\/\\\/fe.up.pt\\\/escolas\\\/#website\"},\"datePublished\":\"2025-01-31T08:38:23+00:00\",\"dateModified\":\"2026-01-19T11:09:13+00:00\",\"description\":\"Novo programa da FEUP para o ensino secund\u00e1rio que tem como objetivo despertar as mentes dos mais jovens para \u00e1reas STEM e para tem\u00e1ticas emergentes que pautam a atualidade, convidando-os a serem agentes de mudan\u00e7a perante as necessidades atuais, e a contribu\u00edrem para a constru\u00e7\u00e3o de um futuro melhor.\",\"breadcrumb\":{\"@id\":\"https:\\\/\\\/fe.up.pt\\\/escolas\\\/feup-boost-engenharia\\\/#breadcrumb\"},\"inLanguage\":\"pt-PT\",\"potentialAction\":[{\"@type\":\"ReadAction\",\"target\":[\"https:\\\/\\\/fe.up.pt\\\/escolas\\\/feup-boost-engenharia\\\/\"]}]},{\"@type\":\"BreadcrumbList\",\"@id\":\"https:\\\/\\\/fe.up.pt\\\/escolas\\\/feup-boost-engenharia\\\/#breadcrumb\",\"itemListElement\":[{\"@type\":\"ListItem\",\"position\":1,\"name\":\"Home\",\"item\":\"https:\\\/\\\/fe.up.pt\\\/escolas\\\/\"},{\"@type\":\"ListItem\",\"position\":2,\"name\":\"FEUP Boost Engenharia\"}]},{\"@type\":\"WebSite\",\"@id\":\"https:\\\/\\\/fe.up.pt\\\/escolas\\\/#website\",\"url\":\"https:\\\/\\\/fe.up.pt\\\/escolas\\\/\",\"name\":\"Semana Profiss\u00e3o: Engenheiro\",\"description\":\"FEUP Escolas\",\"potentialAction\":[{\"@type\":\"SearchAction\",\"target\":{\"@type\":\"EntryPoint\",\"urlTemplate\":\"https:\\\/\\\/fe.up.pt\\\/escolas\\\/?s={search_term_string}\"},\"query-input\":{\"@type\":\"PropertyValueSpecification\",\"valueRequired\":true,\"valueName\":\"search_term_string\"}}],\"inLanguage\":\"pt-PT\"}]}<\/script>\n<!-- \/ Yoast SEO plugin. -->","yoast_head_json":{"title":"FEUP Boost Engenharia - FEUP Escolas","description":"Novo programa da FEUP para o ensino secund\u00e1rio que tem como objetivo despertar as mentes dos mais jovens para \u00e1reas STEM e para tem\u00e1ticas emergentes que pautam a atualidade, convidando-os a serem agentes de mudan\u00e7a perante as necessidades atuais, e a contribu\u00edrem para a constru\u00e7\u00e3o de um futuro melhor.","robots":{"index":"index","follow":"follow","max-snippet":"max-snippet:-1","max-image-preview":"max-image-preview:large","max-video-preview":"max-video-preview:-1"},"canonical":"https:\/\/fe.up.pt\/escolas\/feup-boost-engenharia\/","og_locale":"pt_PT","og_type":"article","og_title":"FEUP Boost Engenharia - FEUP Escolas","og_description":"Novo programa da FEUP para o ensino secund\u00e1rio que tem como objetivo despertar as mentes dos mais jovens para \u00e1reas STEM e para tem\u00e1ticas emergentes que pautam a atualidade, convidando-os a serem agentes de mudan\u00e7a perante as necessidades atuais, e a contribu\u00edrem para a constru\u00e7\u00e3o de um futuro melhor.","og_url":"https:\/\/fe.up.pt\/escolas\/feup-boost-engenharia\/","og_site_name":"FEUP Escolas","article_publisher":"https:\/\/www.facebook.com\/ProfissaoEngenheiro\/","article_modified_time":"2026-01-19T11:09:13+00:00","twitter_card":"summary_large_image","twitter_misc":{"Tempo estimado de leitura":"2 minutos"},"schema":{"@context":"https:\/\/schema.org","@graph":[{"@type":"WebPage","@id":"https:\/\/fe.up.pt\/escolas\/feup-boost-engenharia\/","url":"https:\/\/fe.up.pt\/escolas\/feup-boost-engenharia\/","name":"FEUP Boost Engenharia - FEUP Escolas","isPartOf":{"@id":"https:\/\/fe.up.pt\/escolas\/#website"},"datePublished":"2025-01-31T08:38:23+00:00","dateModified":"2026-01-19T11:09:13+00:00","description":"Novo programa da FEUP para o ensino secund\u00e1rio que tem como objetivo despertar as mentes dos mais jovens para \u00e1reas STEM e para tem\u00e1ticas emergentes que pautam a atualidade, convidando-os a serem agentes de mudan\u00e7a perante as necessidades atuais, e a contribu\u00edrem para a constru\u00e7\u00e3o de um futuro melhor.","breadcrumb":{"@id":"https:\/\/fe.up.pt\/escolas\/feup-boost-engenharia\/#breadcrumb"},"inLanguage":"pt-PT","potentialAction":[{"@type":"ReadAction","target":["https:\/\/fe.up.pt\/escolas\/feup-boost-engenharia\/"]}]},{"@type":"BreadcrumbList","@id":"https:\/\/fe.up.pt\/escolas\/feup-boost-engenharia\/#breadcrumb","itemListElement":[{"@type":"ListItem","position":1,"name":"Home","item":"https:\/\/fe.up.pt\/escolas\/"},{"@type":"ListItem","position":2,"name":"FEUP Boost Engenharia"}]},{"@type":"WebSite","@id":"https:\/\/fe.up.pt\/escolas\/#website","url":"https:\/\/fe.up.pt\/escolas\/","name":"Semana Profiss\u00e3o: Engenheiro","description":"FEUP Escolas","potentialAction":[{"@type":"SearchAction","target":{"@type":"EntryPoint","urlTemplate":"https:\/\/fe.up.pt\/escolas\/?s={search_term_string}"},"query-input":{"@type":"PropertyValueSpecification","valueRequired":true,"valueName":"search_term_string"}}],"inLanguage":"pt-PT"}]}},"_links":{"self":[{"href":"https:\/\/fe.up.pt\/escolas\/wp-json\/wp\/v2\/pages\/4765","targetHints":{"allow":["GET"]}}],"collection":[{"href":"https:\/\/fe.up.pt\/escolas\/wp-json\/wp\/v2\/pages"}],"about":[{"href":"https:\/\/fe.up.pt\/escolas\/wp-json\/wp\/v2\/types\/page"}],"author":[{"embeddable":true,"href":"https:\/\/fe.up.pt\/escolas\/wp-json\/wp\/v2\/users\/1"}],"replies":[{"embeddable":true,"href":"https:\/\/fe.up.pt\/escolas\/wp-json\/wp\/v2\/comments?post=4765"}],"version-history":[{"count":52,"href":"https:\/\/fe.up.pt\/escolas\/wp-json\/wp\/v2\/pages\/4765\/revisions"}],"predecessor-version":[{"id":5287,"href":"https:\/\/fe.up.pt\/escolas\/wp-json\/wp\/v2\/pages\/4765\/revisions\/5287"}],"wp:attachment":[{"href":"https:\/\/fe.up.pt\/escolas\/wp-json\/wp\/v2\/media?parent=4765"}],"curies":[{"name":"wp","href":"https:\/\/api.w.org\/{rel}","templated":true}]}}