{"id":4331,"date":"2019-01-30T16:25:09","date_gmt":"2019-01-30T16:25:09","guid":{"rendered":"https:\/\/fe.up.pt\/dcc\/2026\/?page_id=4331"},"modified":"2026-03-24T16:20:09","modified_gmt":"2026-03-24T16:20:09","slug":"career-award","status":"publish","type":"page","link":"https:\/\/fe.up.pt\/dcc\/2026\/career-award\/","title":{"rendered":"Pr\u00e9mio Carreira"},"content":{"rendered":"<div class=\"fusion-fullwidth fullwidth-box fusion-builder-row-1 fusion-flex-container has-pattern-background has-mask-background nonhundred-percent-fullwidth non-hundred-percent-height-scrolling\" style=\"background-color: rgba(255,255,255,0);background-position: center center;background-repeat: no-repeat;border-width: 0px 0px 0px 0px;border-color:#eae9e9;border-style:solid;\" ><div class=\"fusion-builder-row fusion-row fusion-flex-align-items-flex-start\" style=\"max-width:1206.4px;margin-left: calc(-4% \/ 2 );margin-right: calc(-4% \/ 2 );\"><div class=\"fusion-layout-column fusion_builder_column fusion-builder-column-0 fusion_builder_column_1_1 1_1 fusion-flex-column\"><div class=\"fusion-column-wrapper fusion-flex-justify-content-flex-start fusion-content-layout-column\" style=\"background-position:left top;background-repeat:no-repeat;-webkit-background-size:cover;-moz-background-size:cover;-o-background-size:cover;background-size:cover;padding: 0px 0px 0px 0px;\"><div class=\"fusion-text fusion-text-1\"><p>No pr\u00f3ximo dia 16 de abril ser\u00e1 atribu\u00eddo na Conferment Ceremony 2026 mais um Pr\u00e9mio Carreira FEUP ao Eng\u00ba Jorge Vasconcelos*, administrador executivo da Funda\u00e7\u00e3o Calouste Gulbenkian.<\/p>\n<p>As sete anteriores edi\u00e7\u00f5es deste Pr\u00e9mio foram conquistadas por Jos\u00e9 Manuel Fernandes (2024), Jo\u00e3o Oliveira Cortez (2023), Ant\u00f3nio Mota (2022), Carlos Moreira da Silva (2021), Jo\u00e3o Serrenho (2020), Ant\u00f3nio Segad\u00e3es Madeira Tavares (2019) e Lu\u00eds Valente de Oliveira (2018).<\/p>\n<p style=\"font-weight: 400;\">* Nasceu no Porto, em 1959, onde viveu e estudou at\u00e9 1982. Nesse ano, licenciou-se em engenharia electrot\u00e9cnica na Faculdade de Engenharia da Universidade do Porto, com 17 valores, tendo recebido os pr\u00e9mios\u00a0 \u201cEng. Cristiano Spratley\u201d e \u201cSiemens Portuguesa\u201d.<\/p>\n<p style=\"font-weight: 400;\">Gra\u00e7as a uma bolsa de estudo do DAAD (Servi\u00e7o Alem\u00e3o de Interc\u00e2mbio Acad\u00e9mico) doutorou-se na Universidade de Erlangen-Nuremberga, em 1985, com uma tese sobre a aplica\u00e7\u00e3o de multiprocessadores \u00e0 simula\u00e7\u00e3o de fen\u00f3menos transit\u00f3rios em sistemas el\u00e9ctricos de energia.<\/p>\n<p style=\"font-weight: 400;\">Seguiu-se uma experi\u00eancia na ind\u00fastria, entre 1986 e 1989, tendo sido ent\u00e3o respons\u00e1vel pelo desenvolvimento de simula\u00e7\u00e3o din\u00e2mica de sistemas el\u00e9ctricos na AEG, em Frankfurt-am-Main.<\/p>\n<p style=\"font-weight: 400;\">Atra\u00eddo pelo processo da constru\u00e7\u00e3o europeia, rumou de seguida a Bruxelas, onde trabalhou, entre 1989 e 1996, como secret\u00e1rio-geral adjunto da rec\u00e9m criada associa\u00e7\u00e3o da ind\u00fastria el\u00e9ctrica europeia (Eurelectric). Nessa fun\u00e7\u00e3o, acompanhou de perto o in\u00edcio da liberaliza\u00e7\u00e3o da energia na Europa e nos Estados Unidos da Am\u00e9rica, assim como a interliga\u00e7\u00e3o dos pa\u00edses da Europa Central e Oriental com a rede ocidental.<\/p>\n<p style=\"font-weight: 400;\">Em 1996, foi convidado pelo Governo portugu\u00eas para presidir a Comiss\u00e3o Instaladora da Entidade Reguladora do Sector El\u00e9ctrico, tendo presidido esta mesma entidade desde a sua cria\u00e7\u00e3o, em Fevereiro de 1997, at\u00e9 Dezembro de 2006. Em 2002 o \u00e2mbito de actua\u00e7\u00e3o da ERSE foi alargado \u00e0s Regi\u00f5es Aut\u00f3nomas e ao sector do g\u00e1s natural.\u00a0 Enquanto presidente da ERSE, promoveu a coopera\u00e7\u00e3o nacional e internacional entre reguladores, tendo sido o primeiro presidente do Conselho dos Reguladores Europeus de Energia (CEER), entre 2000 e 2005, cofundador e copresidente da Mesa Redonda de Reguladores de Energia UE\/EUA e cofundador da Associa\u00e7\u00e3o Ibero-Americana de Entidades Reguladoras de Energia (ARIAE). Promoveu tamb\u00e9m a coopera\u00e7\u00e3o entre reguladores e academia, nomeadamente como cofundador do Centro de Estudos de Direito P\u00fablico e Regula\u00e7\u00e3o (CEDIPRE), com a Universidade de Coimbra, e fundador da Escola de Regula\u00e7\u00e3o de Floren\u00e7a, com o Instituto Universit\u00e1rio Europeu.<\/p>\n<p style=\"font-weight: 400;\">Em Janeiro de 2007 criou a empresa NEWES, New Energy Solutions, Lda., que preside, activa em projectos de energia renov\u00e1vel, efici\u00eancia energ\u00e9tica e digitaliza\u00e7\u00e3o da energia em v\u00e1rios pa\u00edses europeus, tamb\u00e9m em parceria com outras empresas. Al\u00e9m de ser um ve\u00edculo de investimento nestas \u00e1reas, a NEWES tem proporcionado tamb\u00e9m consultadoria estrat\u00e9gica a numerosos governos, reguladores, empresas e organiza\u00e7\u00f5es internacionais, destacando-se o Banco Mundial e a Comiss\u00e3o Europeia. A t\u00edtulo pessoal, foi conselheiro especial de dois presidentes da Comiss\u00e3o Europeia e de um comiss\u00e1rio; participou em v\u00e1rias audi\u00e7\u00f5es p\u00fablicas organizadas pelo Parlamento Europeu; foi membro do conselho de administra\u00e7\u00e3o da Ag\u00eancia de Coopera\u00e7\u00e3o dos Reguladores de Energia (ACER), nomeado pelo Parlamento Europeu, entre 2010 e 2018; integrou e integra numerosos conselhos consultivos e conselhos de supervis\u00e3o de empresas, institutos de investiga\u00e7\u00e3o (tais como o<em>Harvard Environmental Economics Program<\/em>, o <em>Institute for Advanced Sustainability Studies<\/em>, em Potsdam, e o INESCTEC) e associa\u00e7\u00f5es internacionais (p. ex. EDSO &#8211; <em>European Distribution System Operators<\/em> e ENTSO-E &#8211; <em>European Network of Transmission System Operators for Electricity<\/em>); promoveu a cria\u00e7\u00e3o de v\u00e1rias associa\u00e7\u00f5es cient\u00edficas, tais como a Associa\u00e7\u00e3o Portuguesa de Economia da Energia (APEEN), de que foi o primeiro presidente, entre 2015 e 2018,\u00a0 a Associa\u00e7\u00e3o Portuguesa do Direito da Energia (APDEN), a cuja Assembleia Geral preside desde a funda\u00e7\u00e3o, em 2017, e a Federa\u00e7\u00e3o Europeia de Associa\u00e7\u00f5es do Direito da Energia (EFELA), de que \u00e9 presidente honor\u00e1rio. Entre 2012 e 2016 presidiu a Associa\u00e7\u00e3o Portuguesa do Ve\u00edculo El\u00e9ctrico. Presidiu a Comiss\u00e3o para a Reforma da Fiscalidade Verde, criada pelo Governo em 2014, e preside actualmente a Comiss\u00e3o para o refor\u00e7o da Independ\u00eancia das Entidades Reguladoras, criada pelo Governo em 2025.<\/p>\n<p style=\"font-weight: 400;\">Em 2022\u00a0 foi cooptado pelo conselho de administra\u00e7\u00e3o da Funda\u00e7\u00e3o Calouste Gulbenkian como membro n\u00e3o executivo, tendo assumido fun\u00e7\u00f5es executivas em Dezembro de 2025. Nessa qualidade, integra o conselho de administra\u00e7\u00e3o do Instituto Gulbenkian de Medicina Molecular.<\/p>\n<p style=\"font-weight: 400;\">A sua actividade acad\u00e9mica iniciou-se como monitor na Faculdade de Engenharia da Universidade do Porto, durante o \u00faltimo ano da licenciatura, e atravessou m\u00faltiplas universidades, nacionais e estrangeiras, sendo actualmente professor convidado na Universidade de Economia de Viena e no Instituto Universit\u00e1rio Europeu. Colaborou, como supervisor, em v\u00e1rios projectos europeus de investiga\u00e7\u00e3o.<\/p>\n<p style=\"font-weight: 400;\">\u00c9 autor de v\u00e1rias publica\u00e7\u00f5es de car\u00e1cter cient\u00edfico, de divulga\u00e7\u00e3o t\u00e9cnica e de interven\u00e7\u00e3o c\u00edvica, escritas em portugu\u00eas, ingl\u00eas, alem\u00e3o, italiano e franc\u00eas. O \u00faltimo livro foi publicado pela Funda\u00e7\u00e3o Francisco Manuel dos Santos, em 2019, com o t\u00edtulo \u201cA energia em Portugal\u201d. O relat\u00f3rio <em>EU electricity reform<\/em>, de 2022, contribuiu substancialmente para o in\u00edcio da reforma do mercado interno da electricidade ainda em curso.<\/p>\n<p style=\"font-weight: 400;\">\u00c9 casado e pai de tr\u00eas filhos.<\/p>\n<\/div><\/div><style type=\"text\/css\">.fusion-body .fusion-builder-column-0{width:100% !important;margin-top : 0px;margin-bottom : 20px;}.fusion-builder-column-0 > .fusion-column-wrapper {padding-top : 0px !important;padding-right : 0px !important;margin-right : 1.92%;padding-bottom : 0px !important;padding-left : 0px !important;margin-left : 1.92%;}@media only screen and (max-width:1024px) {.fusion-body .fusion-builder-column-0{width:100% !important;order : 0;}.fusion-builder-column-0 > .fusion-column-wrapper {margin-right : 1.92%;margin-left : 1.92%;}}@media only screen and (max-width:640px) {.fusion-body .fusion-builder-column-0{width:100% !important;order : 0;}.fusion-builder-column-0 > .fusion-column-wrapper {margin-right : 1.92%;margin-left : 1.92%;}}<\/style><\/div><\/div><style type=\"text\/css\">.fusion-body .fusion-flex-container.fusion-builder-row-1{ padding-top : 0px;margin-top : 0px;padding-right : 0px;padding-bottom : 0px;margin-bottom : 0px;padding-left : 0px;}<\/style><\/div>\n","protected":false},"excerpt":{"rendered":"","protected":false},"author":1,"featured_media":0,"parent":0,"menu_order":0,"comment_status":"closed","ping_status":"closed","template":"","meta":{"footnotes":""},"class_list":["post-4331","page","type-page","status-publish","hentry"],"_links":{"self":[{"href":"https:\/\/fe.up.pt\/dcc\/2026\/wp-json\/wp\/v2\/pages\/4331","targetHints":{"allow":["GET"]}}],"collection":[{"href":"https:\/\/fe.up.pt\/dcc\/2026\/wp-json\/wp\/v2\/pages"}],"about":[{"href":"https:\/\/fe.up.pt\/dcc\/2026\/wp-json\/wp\/v2\/types\/page"}],"author":[{"embeddable":true,"href":"https:\/\/fe.up.pt\/dcc\/2026\/wp-json\/wp\/v2\/users\/1"}],"replies":[{"embeddable":true,"href":"https:\/\/fe.up.pt\/dcc\/2026\/wp-json\/wp\/v2\/comments?post=4331"}],"version-history":[{"count":31,"href":"https:\/\/fe.up.pt\/dcc\/2026\/wp-json\/wp\/v2\/pages\/4331\/revisions"}],"predecessor-version":[{"id":6004,"href":"https:\/\/fe.up.pt\/dcc\/2026\/wp-json\/wp\/v2\/pages\/4331\/revisions\/6004"}],"wp:attachment":[{"href":"https:\/\/fe.up.pt\/dcc\/2026\/wp-json\/wp\/v2\/media?parent=4331"}],"curies":[{"name":"wp","href":"https:\/\/api.w.org\/{rel}","templated":true}]}}