{"id":2,"date":"2020-03-04T11:36:35","date_gmt":"2020-03-04T11:36:35","guid":{"rendered":"https:\/\/paginas.fe.up.pt\/~civilin\/?page_id=2"},"modified":"2025-07-06T17:00:12","modified_gmt":"2025-07-06T17:00:12","slug":"pagina-exemplo","status":"publish","type":"page","link":"https:\/\/fe.up.pt\/civilin\/","title":{"rendered":"Sobre n\u00f3s"},"content":{"rendered":"\n<p><strong><mark style=\"background-color:rgba(0, 0, 0, 0);color:#7d1c1c\" class=\"has-inline-color\">Como apareceu ?<\/mark><\/strong><\/p>\n\n\n\n<p>O CIVIL&#8217;in foi um programa que teve o seu in\u00edcio no ano letivo de 2015\/16. Foi uma iniciativa que partiu dos estudantes, no sentido de ajudarem os colegas rec\u00e9m chegados.<\/p>\n\n\n\n<p>Esta iniciativa foi abra\u00e7ada pelo DEC e com a ajuda dos nossos professores(as) tem vindo a crescer, possibilitando uma melhor rece\u00e7\u00e3o, acolhimento e integra\u00e7\u00e3o dos novos estudantes.<\/p>\n\n\n\n<p><strong><mark style=\"background-color:rgba(0, 0, 0, 0);color:#7d1c1c\" class=\"has-inline-color\">Miss\u00e3o<\/mark><\/strong><\/p>\n\n\n\n<p>Esta iniciativa partiu do sentimento de medo e desorienta\u00e7\u00e3o&nbsp;que surge&nbsp;quando entramos&nbsp;para a faculdade: &#8220;onde me dirijo para entregar justifica\u00e7\u00e3o de faltas?&#8221;, &#8220;onde posso pedir para trocar hor\u00e1rio?&#8221;, etc. <br><br>Tem ent\u00e3o como miss\u00e3o integrar e orientar os novos estudantes que est\u00e3o numa fase de transi\u00e7\u00e3o um pouco complicada, principalmente para aqueles estudantes que s\u00e3o obrigados a sair de casa e habitar perto da faculdade.<\/p>\n\n\n\n<p><strong><mark style=\"background-color:rgba(0, 0, 0, 0);color:#7d1c1c\" class=\"has-inline-color\">O que \u00e9 o  CIVIL&#8217;in  ?<\/mark><\/strong><\/p>\n\n\n\n<p>O CIVIL&#8217;in \u00e9 um programa de acolhimento dos novos estudantes pelos estudantes&nbsp;que j\u00e1 frequentam o Curso de Engenharia Civil &#8211; os tutores. A cada novo estudante&nbsp;\u00e9 atribu\u00eddo um tutor que o acompanhar\u00e1 ao longo do pr\u00f3ximo ano, podendo haver partilha de apontamentos e ajudando a esclarecer alguma d\u00favida sobre a faculdade ou uma mat\u00e9ria especifica cujo o tutor esteja mais \u00e0 vontade.<\/p>\n\n\n\n<p><\/p>\n","protected":false},"excerpt":{"rendered":"<p>Como apareceu ? O CIVIL&#8217;in foi um programa que teve o seu in\u00edcio no ano letivo de 2015\/16. Foi uma iniciativa que partiu dos estudantes, no sentido de ajudarem os colegas rec\u00e9m chegados. Esta iniciativa foi abra\u00e7ada pelo DEC e com a ajuda dos nossos professores(as) tem vindo a crescer, possibilitando uma melhor rece\u00e7\u00e3o, acolhimento [&hellip;]<\/p>\n","protected":false},"author":1,"featured_media":0,"parent":0,"menu_order":0,"comment_status":"closed","ping_status":"open","template":"","meta":{"footnotes":""},"class_list":["post-2","page","type-page","status-publish","hentry","post"],"_links":{"self":[{"href":"https:\/\/fe.up.pt\/civilin\/wp-json\/wp\/v2\/pages\/2","targetHints":{"allow":["GET"]}}],"collection":[{"href":"https:\/\/fe.up.pt\/civilin\/wp-json\/wp\/v2\/pages"}],"about":[{"href":"https:\/\/fe.up.pt\/civilin\/wp-json\/wp\/v2\/types\/page"}],"author":[{"embeddable":true,"href":"https:\/\/fe.up.pt\/civilin\/wp-json\/wp\/v2\/users\/1"}],"replies":[{"embeddable":true,"href":"https:\/\/fe.up.pt\/civilin\/wp-json\/wp\/v2\/comments?post=2"}],"version-history":[{"count":6,"href":"https:\/\/fe.up.pt\/civilin\/wp-json\/wp\/v2\/pages\/2\/revisions"}],"predecessor-version":[{"id":246,"href":"https:\/\/fe.up.pt\/civilin\/wp-json\/wp\/v2\/pages\/2\/revisions\/246"}],"wp:attachment":[{"href":"https:\/\/fe.up.pt\/civilin\/wp-json\/wp\/v2\/media?parent=2"}],"curies":[{"name":"wp","href":"https:\/\/api.w.org\/{rel}","templated":true}]}}